Last updated on 2023-06-09 22:58:29 CEST.
Flavor | Version | Tinstall | Tcheck | Ttotal | Status | Flags |
---|---|---|---|---|---|---|
r-devel-linux-x86_64-debian-clang | 1.0.3 | 44.70 | 68.62 | 113.32 | NOTE | |
r-devel-linux-x86_64-debian-gcc | 1.0.3 | 37.32 | 52.74 | 90.06 | NOTE | |
r-devel-linux-x86_64-fedora-clang | 1.0.3 | 168.99 | NOTE | |||
r-devel-linux-x86_64-fedora-gcc | 1.0.3 | 161.49 | NOTE | |||
r-devel-windows-x86_64 | 1.0.3 | 39.00 | 93.00 | 132.00 | NOTE | |
r-patched-linux-x86_64 | 1.0.3 | 35.73 | 68.19 | 103.92 | NOTE | |
r-release-linux-x86_64 | 1.0.3 | 38.50 | 66.19 | 104.69 | NOTE | |
r-release-macos-arm64 | 1.0.3 | 39.00 | NOTE | |||
r-release-macos-x86_64 | 1.0.3 | 70.00 | NOTE | |||
r-release-windows-x86_64 | 1.0.3 | 48.00 | 109.00 | 157.00 | NOTE | |
r-oldrel-macos-arm64 | 1.0.3 | 41.00 | OK | |||
r-oldrel-macos-x86_64 | 1.0.3 | 73.00 | OK | |||
r-oldrel-windows-x86_64 | 1.0.3 | 48.00 | 111.00 | 159.00 | OK |
Version: 1.0.3
Check: C++ specification
Result: NOTE
Specified C++11: please drop specification unless essential
Flavors: r-devel-linux-x86_64-debian-clang, r-devel-linux-x86_64-debian-gcc, r-devel-linux-x86_64-fedora-clang, r-devel-linux-x86_64-fedora-gcc, r-devel-windows-x86_64, r-patched-linux-x86_64, r-release-linux-x86_64, r-release-macos-arm64, r-release-macos-x86_64, r-release-windows-x86_64
Version: 1.0.3
Check: Rd cross-references
Result: NOTE
Undeclared packages ‘mlogit’, ‘logitr’ in Rd xrefs
Flavor: r-devel-linux-x86_64-fedora-clang