CRAN Package Check Results for Package idendr0

Last updated on 2018-06-24 22:49:23 CEST.

Flavor Version Tinstall Tcheck Ttotal Status Flags
r-devel-linux-x86_64-debian-clang 1.5.3 4.17 31.96 36.13 OK
r-devel-linux-x86_64-debian-gcc 1.5.3 3.37 24.98 28.35 OK
r-devel-linux-x86_64-fedora-clang 1.5.3 41.88 OK
r-devel-linux-x86_64-fedora-gcc 1.5.3 39.63 OK
r-devel-windows-ix86+x86_64 1.5.3 9.00 44.00 53.00 OK
r-patched-linux-x86_64 1.5.3 4.43 31.16 35.59 OK
r-patched-solaris-x86 1.5.3 57.50 NOTE
r-release-linux-x86_64 1.5.3 3.49 31.12 34.61 OK
r-release-windows-ix86+x86_64 1.5.3 10.00 37.00 47.00 OK
r-release-osx-x86_64 1.5.3 NOTE
r-oldrel-windows-ix86+x86_64 1.5.3 6.00 56.00 62.00 OK
r-oldrel-osx-x86_64 1.5.3 NOTE

Check Details

Version: 1.5.3
Check: package dependencies
Result: NOTE
    Package suggested but not available for checking: ‘rggobi’
Flavors: r-patched-solaris-x86, r-release-osx-x86_64, r-oldrel-osx-x86_64