CRAN Package Check Results for Package idendr0

Last updated on 2018-02-24 22:47:31 CET.

Flavor Version Tinstall Tcheck Ttotal Status Flags
r-devel-linux-x86_64-debian-clang 1.5.3 3.77 30.18 33.95 OK
r-devel-linux-x86_64-debian-gcc 1.5.3 3.80 23.74 27.54 OK
r-devel-linux-x86_64-fedora-clang 1.5.3 40.36 OK
r-devel-linux-x86_64-fedora-gcc 1.5.3 39.79 OK
r-devel-windows-ix86+x86_64 1.5.3 9.00 49.00 58.00 OK
r-patched-linux-x86_64 1.5.3 1.49 30.51 32.00 OK
r-patched-solaris-x86 1.5.3 46.80 NOTE
r-release-linux-x86_64 1.5.3 1.16 30.30 31.46 OK
r-release-windows-ix86+x86_64 1.5.3 4.00 51.00 55.00 OK
r-release-osx-x86_64 1.5.3 NOTE
r-oldrel-windows-ix86+x86_64 1.5.3 4.00 53.00 57.00 OK
r-oldrel-osx-x86_64 1.5.3 NOTE

Check Details

Version: 1.5.3
Check: package dependencies
Result: NOTE
    Package suggested but not available for checking: ‘rggobi’
Flavors: r-patched-solaris-x86, r-release-osx-x86_64, r-oldrel-osx-x86_64