CRAN Package Check Results for Package idendr0

Last updated on 2018-09-23 22:46:59 CEST.

Flavor Version Tinstall Tcheck Ttotal Status Flags
r-devel-linux-x86_64-debian-clang 1.5.3 4.70 31.76 36.46 OK
r-devel-linux-x86_64-debian-gcc 1.5.3 3.41 25.93 29.34 OK
r-devel-linux-x86_64-fedora-clang 1.5.3 43.04 OK
r-devel-linux-x86_64-fedora-gcc 1.5.3 41.44 OK
r-devel-windows-ix86+x86_64 1.5.3 9.00 39.00 48.00 OK
r-patched-linux-x86_64 1.5.3 3.97 30.33 34.30 OK
r-patched-solaris-x86 1.5.3 57.90 NOTE
r-release-linux-x86_64 1.5.3 4.53 30.83 35.36 OK
r-release-windows-ix86+x86_64 1.5.3 5.00 55.00 60.00 OK
r-release-osx-x86_64 1.5.3 NOTE
r-oldrel-windows-ix86+x86_64 1.5.3 4.00 62.00 66.00 OK
r-oldrel-osx-x86_64 1.5.3 NOTE

Check Details

Version: 1.5.3
Check: package dependencies
Result: NOTE
    Package suggested but not available for checking: ‘rggobi’
Flavors: r-patched-solaris-x86, r-release-osx-x86_64, r-oldrel-osx-x86_64