CRAN Package Check Results for Package ie2miscdata

Last updated on 2023-01-29 23:03:11 CET.

Flavor Version Tinstall Tcheck Ttotal Status Flags
r-devel-linux-x86_64-debian-clang 1.0.2 3.71 49.47 53.18 OK
r-devel-linux-x86_64-debian-gcc 1.0.2 2.61 37.13 39.74 OK
r-devel-linux-x86_64-fedora-clang 1.0.2 65.76 NOTE
r-devel-linux-x86_64-fedora-gcc 1.0.2 89.20 NOTE
r-devel-windows-x86_64 1.0.2 107.00 106.00 213.00 OK
r-patched-linux-x86_64 1.0.2 3.98 46.54 50.52 OK
r-release-linux-x86_64 1.0.2 3.07 39.94 43.01 OK
r-release-macos-arm64 1.0.2 24.00 NOTE
r-release-macos-x86_64 1.0.2 38.00 NOTE
r-release-windows-x86_64 1.0.2 92.00 87.00 179.00 OK
r-oldrel-macos-arm64 1.0.2 33.00 NOTE
r-oldrel-macos-x86_64 1.0.2 39.00 NOTE
r-oldrel-windows-ix86+x86_64 1.0.2 11.00 78.00 89.00 OK

Check Details

Version: 1.0.2
Check: dependencies in R code
Result: NOTE
    Namespace in Imports field not imported from: ‘lubridate’
     All declared Imports should be used.
Flavors: r-devel-linux-x86_64-fedora-clang, r-devel-linux-x86_64-fedora-gcc, r-release-macos-arm64, r-release-macos-x86_64, r-oldrel-macos-arm64, r-oldrel-macos-x86_64

Version: 1.0.2
Check: data for non-ASCII characters
Result: NOTE
     Note: found 4 marked UTF-8 strings
Flavors: r-devel-linux-x86_64-fedora-clang, r-devel-linux-x86_64-fedora-gcc, r-release-macos-arm64, r-release-macos-x86_64, r-oldrel-macos-arm64, r-oldrel-macos-x86_64