CRAN Package Check Results for Package iemisc

Last updated on 2023-01-29 23:03:11 CET.

Flavor Version Tinstall Tcheck Ttotal Status Flags
r-devel-linux-x86_64-debian-clang 0.9.9 10.64 81.52 92.16 NOTE
r-devel-linux-x86_64-debian-gcc 0.9.9 9.13 59.45 68.58 NOTE
r-devel-linux-x86_64-fedora-clang 0.9.9 113.01 NOTE
r-devel-linux-x86_64-fedora-gcc 0.9.9 108.23 NOTE
r-devel-windows-x86_64 0.9.9 47.00 127.00 174.00 NOTE
r-patched-linux-x86_64 0.9.9 12.62 71.21 83.83 NOTE
r-release-linux-x86_64 0.9.9 11.44 72.53 83.97 NOTE
r-release-macos-arm64 0.9.9 32.00 NOTE
r-release-macos-x86_64 0.9.9 41.00 NOTE
r-release-windows-x86_64 0.9.9 31.00 108.00 139.00 NOTE
r-oldrel-macos-arm64 0.9.9 36.00 NOTE
r-oldrel-macos-x86_64 0.9.9 61.00 NOTE
r-oldrel-windows-ix86+x86_64 0.9.9 22.00 104.00 126.00 NOTE

Check Details

Version: 0.9.9
Check: package dependencies
Result: NOTE
    Package suggested but not available for checking: ‘optiRum’
Flavors: r-devel-linux-x86_64-debian-clang, r-devel-linux-x86_64-debian-gcc, r-devel-linux-x86_64-fedora-clang, r-devel-linux-x86_64-fedora-gcc, r-patched-linux-x86_64, r-release-linux-x86_64

Version: 0.9.9
Check: LazyData
Result: NOTE
     'LazyData' is specified without a 'data' directory
Flavors: r-devel-linux-x86_64-debian-clang, r-devel-linux-x86_64-debian-gcc, r-devel-linux-x86_64-fedora-clang, r-devel-linux-x86_64-fedora-gcc, r-devel-windows-x86_64, r-patched-linux-x86_64, r-release-linux-x86_64, r-release-macos-arm64, r-release-macos-x86_64, r-release-windows-x86_64, r-oldrel-macos-arm64, r-oldrel-macos-x86_64, r-oldrel-windows-ix86+x86_64

Version: 0.9.9
Check: dependencies in R code
Result: NOTE
    Namespace in Imports field not imported from: ‘testit’
     All declared Imports should be used.
Flavors: r-devel-linux-x86_64-fedora-clang, r-devel-linux-x86_64-fedora-gcc, r-release-macos-arm64, r-release-macos-x86_64, r-oldrel-macos-arm64, r-oldrel-macos-x86_64

Version: 0.9.9
Check: Rd cross-references
Result: NOTE
    Undeclared package ‘matlab’ in Rd xrefs
Flavor: r-devel-linux-x86_64-fedora-clang