Last updated on 2023-04-01 22:53:44 CEST.
Flavor | Version | Tinstall | Tcheck | Ttotal | Status | Flags |
---|---|---|---|---|---|---|
r-devel-linux-x86_64-debian-clang | 0.6.1 | 2.20 | 29.84 | 32.04 | OK | |
r-devel-linux-x86_64-debian-gcc | 0.6.1 | 2.00 | 23.01 | 25.01 | OK | |
r-devel-linux-x86_64-fedora-clang | 0.6.1 | 40.45 | NOTE | |||
r-devel-linux-x86_64-fedora-gcc | 0.6.1 | 54.10 | NOTE | |||
r-devel-windows-x86_64 | 0.6.1 | 8.00 | 67.00 | 75.00 | OK | |
r-patched-linux-x86_64 | 0.6.1 | 2.69 | 28.79 | 31.48 | OK | |
r-release-linux-x86_64 | 0.6.1 | 2.25 | 29.24 | 31.49 | OK | |
r-release-macos-arm64 | 0.6.1 | 17.00 | NOTE | |||
r-release-macos-x86_64 | 0.6.1 | 25.00 | NOTE | |||
r-release-windows-x86_64 | 0.6.1 | 40.00 | 76.00 | 116.00 | OK | |
r-oldrel-macos-arm64 | 0.6.1 | 20.00 | NOTE | |||
r-oldrel-macos-x86_64 | 0.6.1 | 31.00 | NOTE | |||
r-oldrel-windows-ix86+x86_64 | 0.6.1 | 6.00 | 57.00 | 63.00 | OK |
Version: 0.6.1
Check: data for non-ASCII characters
Result: NOTE
Note: found 1 marked UTF-8 string
Flavors: r-devel-linux-x86_64-fedora-clang, r-devel-linux-x86_64-fedora-gcc, r-release-macos-arm64, r-release-macos-x86_64, r-oldrel-macos-arm64, r-oldrel-macos-x86_64
Version: 0.6.1
Check: package dependencies
Result: NOTE
Package suggested but not available for checking: ‘ie2miscdata’
Flavors: r-release-macos-arm64, r-oldrel-macos-arm64, r-oldrel-macos-x86_64