Last updated on 2024-04-22 23:09:53 CEST.
Flavor | Version | Tinstall | Tcheck | Ttotal | Status | Flags |
---|---|---|---|---|---|---|
r-devel-linux-x86_64-debian-clang | 0.9.99 | 2.42 | 35.71 | 38.13 | OK | |
r-devel-linux-x86_64-debian-gcc | 0.9.99 | 1.63 | 28.46 | 30.09 | OK | |
r-devel-linux-x86_64-fedora-clang | 0.9.99 | 52.57 | NOTE | |||
r-devel-linux-x86_64-fedora-gcc | 0.9.99 | 61.90 | NOTE | |||
r-prerel-macos-arm64 | 0.9.99 | 26.00 | OK | |||
r-prerel-windows-x86_64 | 0.9.99 | 3.00 | 49.00 | 52.00 | OK | |
r-patched-linux-x86_64 | 0.9.99 | 2.29 | 35.03 | 37.32 | OK | |
r-release-linux-x86_64 | 0.9.99 | 1.79 | 34.09 | 35.88 | OK | |
r-release-macos-arm64 | 0.9.99 | 26.00 | OK | |||
r-release-macos-x86_64 | 0.9.99 | 35.00 | OK | |||
r-release-windows-x86_64 | 0.9.99 | 3.00 | 50.00 | 53.00 | OK | |
r-oldrel-macos-arm64 | 0.9.99 | 21.00 | OK | |||
r-oldrel-windows-x86_64 | 0.9.99 | 5.00 | 55.00 | 60.00 | OK |
Version: 0.9.99
Check: data for non-ASCII characters
Result: NOTE
Note: found 40 marked UTF-8 strings
Flavors: r-devel-linux-x86_64-fedora-clang, r-devel-linux-x86_64-fedora-gcc