Last updated on 2024-04-17 22:59:55 CEST.
Flavor | Version | Tinstall | Tcheck | Ttotal | Status | Flags |
---|---|---|---|---|---|---|
r-devel-linux-x86_64-debian-clang | 0.3.3 | 7.44 | 75.85 | 83.29 | OK | |
r-devel-linux-x86_64-debian-gcc | 0.3.3 | 5.29 | 58.17 | 63.46 | OK | |
r-devel-linux-x86_64-fedora-clang | 0.3.3 | 108.42 | NOTE | |||
r-devel-linux-x86_64-fedora-gcc | 0.3.3 | 111.51 | NOTE | |||
r-prerel-macos-arm64 | 0.3.3 | 38.00 | OK | |||
r-prerel-windows-x86_64 | 0.3.3 | 7.00 | 75.00 | 82.00 | OK | |
r-patched-linux-x86_64 | 0.3.3 | 6.04 | 73.76 | 79.80 | OK | |
r-release-linux-x86_64 | 0.3.3 | 6.13 | 72.62 | 78.75 | OK | |
r-release-macos-arm64 | 0.3.3 | 40.00 | OK | |||
r-release-macos-x86_64 | 0.3.3 | 59.00 | OK | |||
r-release-windows-x86_64 | 0.3.3 | 11.00 | 88.00 | 99.00 | OK | |
r-oldrel-macos-arm64 | 0.3.3 | 31.00 | NOTE | |||
r-oldrel-windows-x86_64 | 0.3.3 | 9.00 | 92.00 | 101.00 | OK |
Version: 0.3.3
Check: dependencies in R code
Result: NOTE
Namespaces in Imports field not imported from:
‘kableExtra’ ‘knitr’ ‘xtable’
All declared Imports should be used.
Flavors: r-devel-linux-x86_64-fedora-clang, r-devel-linux-x86_64-fedora-gcc, r-oldrel-macos-arm64