CRAN Package Check Results for Package ijtiff

Last updated on 2020-07-11 22:50:06 CEST.

Flavor Version Tinstall Tcheck Ttotal Status Flags
r-devel-linux-x86_64-debian-clang 2.1.1 24.37 51.86 76.23 OK
r-devel-linux-x86_64-debian-gcc 2.1.1 15.26 41.11 56.37 OK
r-devel-linux-x86_64-fedora-gcc 2.1.1 121.08 OK
r-devel-windows-ix86+x86_64 2.1.1 62.00 128.00 190.00 OK
r-patched-linux-x86_64 2.1.1 15.68 51.27 66.95 OK
r-patched-solaris-x86 2.1.1 113.10 OK
r-release-linux-x86_64 2.1.1 17.21 50.99 68.20 OK
r-release-macos-x86_64 2.1.1 NOTE
r-release-windows-ix86+x86_64 2.1.1 59.00 159.00 218.00 OK
r-oldrel-macos-x86_64 2.1.1 OK
r-oldrel-windows-ix86+x86_64 2.1.1 61.00 121.00 182.00 OK

Check Details

Version: 2.1.1
Check: installed package size
Result: NOTE
     installed size is 5.2Mb
     sub-directories of 1Mb or more:
     libs 3.8Mb
Flavor: r-release-macos-x86_64