Last updated on 2024-04-17 22:59:55 CEST.
Flavor | Version | Tinstall | Tcheck | Ttotal | Status | Flags |
---|---|---|---|---|---|---|
r-devel-linux-x86_64-debian-clang | 0.1.0 | 26.14 | 41.58 | 67.72 | NOTE | |
r-devel-linux-x86_64-debian-gcc | 0.1.0 | 16.88 | 31.01 | 47.89 | NOTE | |
r-devel-linux-x86_64-fedora-clang | 0.1.0 | 85.30 | NOTE | |||
r-devel-linux-x86_64-fedora-gcc | 0.1.0 | 81.54 | NOTE | |||
r-prerel-macos-arm64 | 0.1.0 | 25.00 | NOTE | |||
r-prerel-windows-x86_64 | 0.1.0 | 22.00 | 73.00 | 95.00 | NOTE | |
r-patched-linux-x86_64 | 0.1.0 | 22.08 | 38.06 | 60.14 | NOTE | |
r-release-linux-x86_64 | 0.1.0 | 25.65 | 38.26 | 63.91 | OK | |
r-release-macos-arm64 | 0.1.0 | 27.00 | OK | |||
r-release-macos-x86_64 | 0.1.0 | 44.00 | OK | |||
r-release-windows-x86_64 | 0.1.0 | 25.00 | 82.00 | 107.00 | OK | |
r-oldrel-macos-arm64 | 0.1.0 | 29.00 | OK | |||
r-oldrel-windows-x86_64 | 0.1.0 | 25.00 | 80.00 | 105.00 | OK |
Version: 0.1.0
Check: Rd files
Result: NOTE
checkRd: (-1) image_line_segment_detector.Rd:65: Lost braces in \itemize; \value handles \item{}{} directly
checkRd: (-1) image_line_segment_detector.Rd:66-72: Lost braces in \itemize; \value handles \item{}{} directly
checkRd: (-1) image_line_segment_detector.Rd:73-76: Lost braces in \itemize; \value handles \item{}{} directly
Flavors: r-devel-linux-x86_64-debian-clang, r-devel-linux-x86_64-debian-gcc, r-devel-linux-x86_64-fedora-clang, r-devel-linux-x86_64-fedora-gcc, r-prerel-macos-arm64, r-prerel-windows-x86_64, r-patched-linux-x86_64