Last updated on 2021-04-22 22:53:51 CEST.
Flavor | Version | Tinstall | Tcheck | Ttotal | Status | Flags |
---|---|---|---|---|---|---|
r-devel-linux-x86_64-debian-clang | 0.10.1 | 15.87 | 400.98 | 416.85 | OK | |
r-devel-linux-x86_64-debian-gcc | 0.10.1 | 11.21 | 262.27 | 273.48 | OK | |
r-devel-linux-x86_64-fedora-clang | 0.10.1 | 450.53 | NOTE | |||
r-devel-linux-x86_64-fedora-gcc | 0.10.1 | 416.79 | NOTE | |||
r-devel-windows-ix86+x86_64 | 0.10.1 | 31.00 | 385.00 | 416.00 | OK | |
r-devel-windows-x86_64-gcc10-UCRT | 0.10.1 | NOTE | ||||
r-patched-linux-x86_64 | 0.10.1 | 15.13 | 323.96 | 339.09 | OK | |
r-patched-solaris-x86 | 0.10.1 | 632.70 | NOTE | |||
r-release-linux-x86_64 | 0.10.1 | 17.03 | 321.44 | 338.47 | OK | |
r-release-macos-x86_64 | 0.10.1 | NOTE | ||||
r-release-windows-ix86+x86_64 | 0.10.1 | 30.00 | 360.00 | 390.00 | OK | |
r-oldrel-macos-x86_64 | 0.10.1 | NOTE | ||||
r-oldrel-windows-ix86+x86_64 | 0.10.1 | 34.00 | 369.00 | 403.00 | OK |
Version: 0.10.1
Check: dependencies in R code
Result: NOTE
Namespace in Imports field not imported from: ‘keras’
All declared Imports should be used.
Flavors: r-devel-linux-x86_64-fedora-clang, r-devel-linux-x86_64-fedora-gcc, r-devel-windows-x86_64-gcc10-UCRT, r-patched-solaris-x86, r-release-macos-x86_64, r-oldrel-macos-x86_64