Last updated on 2024-05-05 22:53:14 CEST.
Flavor | Version | Tinstall | Tcheck | Ttotal | Status | Flags |
---|---|---|---|---|---|---|
r-devel-linux-x86_64-debian-clang | 0.3.1 | 2.93 | 24.13 | 27.06 | NOTE | |
r-devel-linux-x86_64-debian-gcc | 0.3.1 | 2.05 | 18.86 | 20.91 | NOTE | |
r-devel-linux-x86_64-fedora-clang | 0.3.1 | 34.38 | NOTE | |||
r-devel-linux-x86_64-fedora-gcc | 0.3.1 | 32.36 | NOTE | |||
r-devel-windows-x86_64 | 0.3.1 | 3.00 | 41.00 | 44.00 | NOTE | |
r-patched-linux-x86_64 | 0.3.1 | 2.52 | 23.63 | 26.15 | NOTE | |
r-release-linux-x86_64 | 0.3.1 | 2.02 | 23.86 | 25.88 | NOTE | |
r-release-macos-arm64 | 0.3.1 | 14.00 | NOTE | |||
r-release-windows-x86_64 | 0.3.1 | 3.00 | 41.00 | 44.00 | NOTE | |
r-oldrel-macos-arm64 | 0.3.1 | 15.00 | NOTE | |||
r-oldrel-macos-x86_64 | 0.3.1 | 22.00 | NOTE | |||
r-oldrel-windows-x86_64 | 0.3.1 | 6.00 | 40.00 | 46.00 | NOTE |
Version: 0.3.1
Check: LazyData
Result: NOTE
'LazyData' is specified without a 'data' directory
Flavors: r-devel-linux-x86_64-debian-clang, r-devel-linux-x86_64-debian-gcc, r-devel-linux-x86_64-fedora-clang, r-devel-linux-x86_64-fedora-gcc, r-devel-windows-x86_64, r-patched-linux-x86_64, r-release-linux-x86_64, r-release-macos-arm64, r-release-windows-x86_64, r-oldrel-macos-arm64, r-oldrel-macos-x86_64, r-oldrel-windows-x86_64