Last updated on 2023-02-06 21:54:49 CET.
Flavor | Version | Tinstall | Tcheck | Ttotal | Status | Flags |
---|---|---|---|---|---|---|
r-devel-linux-x86_64-debian-clang | 1.2.0 | 3.88 | 32.17 | 36.05 | OK | |
r-devel-linux-x86_64-debian-gcc | 1.2.0 | 3.02 | 24.28 | 27.30 | OK | |
r-devel-linux-x86_64-fedora-clang | 1.2.0 | 45.38 | NOTE | |||
r-devel-linux-x86_64-fedora-gcc | 1.2.0 | 55.45 | NOTE | |||
r-devel-windows-x86_64 | 1.2.0 | 19.00 | 65.00 | 84.00 | OK | |
r-patched-linux-x86_64 | 1.2.0 | 3.68 | 31.71 | 35.39 | OK | |
r-release-linux-x86_64 | 1.2.0 | 2.94 | 27.09 | 30.03 | OK | |
r-release-macos-arm64 | 1.2.0 | 19.00 | OK | |||
r-release-macos-x86_64 | 1.2.0 | 25.00 | OK | |||
r-release-windows-x86_64 | 1.2.0 | 42.00 | 95.00 | 137.00 | OK | |
r-oldrel-macos-arm64 | 1.2.0 | 23.00 | OK | |||
r-oldrel-macos-x86_64 | 1.2.0 | 31.00 | OK | |||
r-oldrel-windows-ix86+x86_64 | 1.2.0 | 8.00 | 60.00 | 68.00 | OK |
Version: 1.2.0
Check: dependencies in R code
Result: NOTE
Namespaces in Imports field not imported from:
‘data.table’ ‘dplyr’ ‘haven’
All declared Imports should be used.
Flavors: r-devel-linux-x86_64-fedora-clang, r-devel-linux-x86_64-fedora-gcc