Last updated on 2024-05-03 22:53:15 CEST.
Flavor | Version | Tinstall | Tcheck | Ttotal | Status | Flags |
---|---|---|---|---|---|---|
r-devel-linux-x86_64-debian-clang | 0.2.2.4 | 2.70 | 31.31 | 34.01 | OK | |
r-devel-linux-x86_64-fedora-clang | 0.2.2.4 | 45.10 | NOTE | |||
r-devel-linux-x86_64-fedora-gcc | 0.2.2.4 | 57.05 | NOTE | |||
r-devel-windows-x86_64 | 0.2.2.4 | 4.00 | 46.00 | 50.00 | OK | |
r-patched-linux-x86_64 | 0.2.2.4 | 1.46 | 31.17 | 32.63 | OK | |
r-release-linux-x86_64 | 0.2.2.4 | 1.99 | 30.57 | 32.56 | OK | |
r-release-macos-arm64 | 0.2.2.4 | 23.00 | OK | |||
r-release-windows-x86_64 | 0.2.2.4 | 3.00 | 45.00 | 48.00 | OK | |
r-oldrel-macos-arm64 | 0.2.2.4 | 23.00 | OK | |||
r-oldrel-macos-x86_64 | 0.2.2.4 | 33.00 | OK | |||
r-oldrel-windows-x86_64 | 0.2.2.4 | 4.00 | 46.00 | 50.00 | OK |
Version: 0.2.2.4
Check: dependencies in R code
Result: NOTE
Namespace in Imports field not imported from: ‘pscl’
All declared Imports should be used.
Flavors: r-devel-linux-x86_64-fedora-clang, r-devel-linux-x86_64-fedora-gcc