Last updated on 2023-03-30 22:55:01 CEST.
Flavor | Version | Tinstall | Tcheck | Ttotal | Status | Flags |
---|---|---|---|---|---|---|
r-devel-linux-x86_64-debian-clang | 3.3 | 37.96 | 163.97 | 201.93 | OK | |
r-devel-linux-x86_64-debian-gcc | 3.3 | 32.74 | 140.15 | 172.89 | OK | |
r-devel-linux-x86_64-fedora-clang | 3.3 | 289.30 | OK | |||
r-devel-linux-x86_64-fedora-gcc | 3.3 | 290.65 | OK | |||
r-devel-windows-x86_64 | 3.3 | 82.00 | 0.00 | 82.00 | OK | |
r-patched-linux-x86_64 | 3.3 | 35.24 | 138.28 | 173.52 | OK | |
r-release-linux-x86_64 | 3.3 | 26.52 | 187.44 | 213.96 | OK | |
r-release-macos-arm64 | 3.3 | 85.00 | OK | |||
r-release-macos-x86_64 | 3.3 | 109.00 | OK | |||
r-release-windows-x86_64 | 3.3 | 67.00 | 278.00 | 345.00 | OK | |
r-oldrel-macos-arm64 | 3.3 | 88.00 | OK | |||
r-oldrel-macos-x86_64 | 3.3 | 109.00 | OK | |||
r-oldrel-windows-ix86+x86_64 | 3.3 | 89.00 | 393.00 | 482.00 | NOTE |
Version: 3.3
Check: installed package size
Result: NOTE
installed size is 5.1Mb
sub-directories of 1Mb or more:
data 1.3Mb
doc 1.1Mb
libs 2.1Mb
Flavor: r-oldrel-windows-ix86+x86_64
Version: 3.3
Check: R code for possible problems
Result: NOTE
Initiating curl with CURL_SSL_BACKEND: openssl
Flavor: r-oldrel-windows-ix86+x86_64