Last updated on 2023-01-28 22:55:16 CET.
Flavor | Version | Tinstall | Tcheck | Ttotal | Status | Flags |
---|---|---|---|---|---|---|
r-devel-linux-x86_64-debian-clang | 3.2.1 | 13.65 | 333.88 | 347.53 | OK | |
r-devel-linux-x86_64-debian-gcc | 3.2.1 | 11.51 | 241.42 | 252.93 | OK | |
r-devel-linux-x86_64-fedora-clang | 3.2.1 | 433.46 | NOTE | |||
r-devel-linux-x86_64-fedora-gcc | 3.2.1 | 430.45 | OK | |||
r-devel-windows-x86_64 | 3.2.1 | 234.00 | 425.00 | 659.00 | NOTE | |
r-patched-linux-x86_64 | 3.2.1 | 19.33 | 311.88 | 331.21 | OK | |
r-release-linux-x86_64 | 3.2.1 | 10.92 | 293.72 | 304.64 | OK | |
r-release-macos-arm64 | 3.2.1 | 127.00 | NOTE | |||
r-release-macos-x86_64 | 3.2.1 | 142.00 | NOTE | |||
r-release-windows-x86_64 | 3.2.1 | 266.00 | 426.00 | 692.00 | NOTE | |
r-oldrel-macos-arm64 | 3.2.1 | 106.00 | NOTE | |||
r-oldrel-macos-x86_64 | 3.2.1 | 158.00 | NOTE | |||
r-oldrel-windows-ix86+x86_64 | 3.2.1 | 33.00 | 420.00 | 453.00 | NOTE |
Version: 3.2.1
Check: installed package size
Result: NOTE
installed size is 10.3Mb
sub-directories of 1Mb or more:
doc 9.7Mb
Flavors: r-devel-linux-x86_64-fedora-clang, r-devel-windows-x86_64, r-release-macos-arm64, r-release-macos-x86_64, r-release-windows-x86_64, r-oldrel-macos-arm64, r-oldrel-macos-x86_64, r-oldrel-windows-ix86+x86_64
Version: 3.2.1
Check: Rd cross-references
Result: NOTE
Undeclared package ‘DT’ in Rd xrefs
Flavor: r-devel-linux-x86_64-fedora-clang