Last updated on 2024-03-27 22:57:48 CET.
Flavor | Version | Tinstall | Tcheck | Ttotal | Status | Flags |
---|---|---|---|---|---|---|
r-devel-linux-x86_64-debian-clang | 0.0.4 | 49.65 | 66.36 | 116.01 | NOTE | |
r-devel-linux-x86_64-debian-gcc | 0.0.4 | 34.56 | 50.83 | 85.39 | NOTE | |
r-devel-linux-x86_64-fedora-clang | 0.0.4 | 160.78 | NOTE | |||
r-devel-linux-x86_64-fedora-gcc | 0.0.4 | 156.57 | NOTE | |||
r-devel-windows-x86_64 | 0.0.4 | 35.00 | 93.00 | 128.00 | NOTE | |
r-patched-linux-x86_64 | 0.0.4 | 38.58 | 68.48 | 107.06 | NOTE | |
r-release-linux-x86_64 | 0.0.4 | 43.80 | 68.20 | 112.00 | NOTE | |
r-release-macos-arm64 | 0.0.4 | 46.00 | NOTE | |||
r-release-macos-x86_64 | 0.0.4 | 78.00 | NOTE | |||
r-release-windows-x86_64 | 0.0.4 | 43.00 | 101.00 | 144.00 | NOTE | |
r-oldrel-macos-arm64 | 0.0.4 | 45.00 | NOTE | |||
r-oldrel-windows-x86_64 | 0.0.4 | 40.00 | 104.00 | 144.00 | OK |
Version: 0.0.4
Check: C++ specification
Result: NOTE
Specified C++11: please drop specification unless essential
Flavors: r-devel-linux-x86_64-debian-clang, r-devel-linux-x86_64-debian-gcc, r-devel-linux-x86_64-fedora-clang, r-devel-linux-x86_64-fedora-gcc, r-devel-windows-x86_64, r-patched-linux-x86_64, r-release-linux-x86_64, r-release-macos-arm64, r-release-macos-x86_64, r-release-windows-x86_64
Version: 0.0.4
Check: installed package size
Result: NOTE
installed size is 5.0Mb
sub-directories of 1Mb or more:
libs 4.9Mb
Flavors: r-release-macos-arm64, r-release-macos-x86_64, r-oldrel-macos-arm64