CRAN Package Check Results for Package incase

Last updated on 2021-04-16 22:51:00 CEST.

Flavor Version Tinstall Tcheck Ttotal Status Flags
r-devel-linux-x86_64-debian-clang 0.3.0 2.74 30.50 33.24 OK
r-devel-linux-x86_64-debian-gcc 0.3.0 2.08 23.61 25.69 OK
r-devel-linux-x86_64-fedora-clang 0.3.0 49.18 NOTE
r-devel-linux-x86_64-fedora-gcc 0.3.0 40.05 OK
r-devel-windows-ix86+x86_64 0.3.0 5.00 53.00 58.00 OK
r-devel-windows-x86_64-gcc10-UCRT 0.3.0 OK
r-patched-linux-x86_64 0.3.0 2.73 29.86 32.59 OK
r-patched-solaris-x86 0.3.0 62.80 OK
r-release-linux-x86_64 0.3.0 2.68 29.78 32.46 OK
r-release-macos-x86_64 0.3.0 OK
r-release-windows-ix86+x86_64 0.3.0 6.00 52.00 58.00 OK
r-oldrel-macos-x86_64 0.3.0 OK
r-oldrel-windows-ix86+x86_64 0.3.0 4.00 39.00 43.00 OK

Check Details

Version: 0.3.0
Check: Rd cross-references
Result: NOTE
    Undeclared package ‘tibble’ in Rd xrefs
Flavor: r-devel-linux-x86_64-fedora-clang