Last updated on 2023-12-10 22:56:01 CET.
Flavor | Version | Tinstall | Tcheck | Ttotal | Status | Flags |
---|---|---|---|---|---|---|
r-devel-linux-x86_64-debian-clang | 1.0.1 | 22.31 | 60.09 | 82.40 | NOTE | |
r-devel-linux-x86_64-debian-gcc | 1.0.1 | 19.20 | 44.14 | 63.34 | NOTE | |
r-devel-linux-x86_64-fedora-clang | 1.0.1 | 115.87 | NOTE | |||
r-devel-linux-x86_64-fedora-gcc | 1.0.1 | 106.85 | NOTE | |||
r-devel-windows-x86_64 | 1.0.1 | 23.00 | 85.00 | 108.00 | NOTE | |
r-patched-linux-x86_64 | 1.0.1 | 22.95 | 56.33 | 79.28 | NOTE | |
r-release-linux-x86_64 | 1.0.1 | 16.46 | 56.82 | 73.28 | NOTE | |
r-release-macos-arm64 | 1.0.1 | 35.00 | NOTE | |||
r-release-macos-x86_64 | 1.0.1 | 61.00 | NOTE | |||
r-release-windows-x86_64 | 1.0.1 | 29.00 | 96.00 | 125.00 | NOTE | |
r-oldrel-macos-arm64 | 1.0.1 | 33.00 | NOTE | |||
r-oldrel-macos-x86_64 | 1.0.1 | 64.00 | NOTE | |||
r-oldrel-windows-x86_64 | 1.0.1 | 27.00 | 93.00 | 120.00 | OK |
Version: 1.0.1
Check: C++ specification
Result: NOTE
Specified C++11: please drop specification unless essential
Flavors: r-devel-linux-x86_64-debian-clang, r-devel-linux-x86_64-debian-gcc, r-devel-linux-x86_64-fedora-clang, r-devel-linux-x86_64-fedora-gcc, r-devel-windows-x86_64, r-patched-linux-x86_64, r-release-linux-x86_64, r-release-macos-arm64, r-release-macos-x86_64, r-release-windows-x86_64
Version: 1.0.1
Check: dependencies in R code
Result: NOTE
Namespace in Imports field not imported from: ‘testthat’
All declared Imports should be used.
Flavors: r-devel-linux-x86_64-fedora-clang, r-devel-linux-x86_64-fedora-gcc, r-oldrel-macos-arm64, r-oldrel-macos-x86_64