Last updated on 2023-11-28 23:04:37 CET.
Flavor | Version | Tinstall | Tcheck | Ttotal | Status | Flags |
---|---|---|---|---|---|---|
r-devel-linux-x86_64-debian-clang | 2.2.1 | 5.55 | 80.42 | 85.97 | NOTE | |
r-devel-linux-x86_64-debian-gcc | 2.2.1 | 4.14 | 55.85 | 59.99 | NOTE | |
r-devel-linux-x86_64-fedora-clang | 2.2.1 | 99.13 | OK | |||
r-devel-linux-x86_64-fedora-gcc | 2.2.1 | 101.76 | OK | |||
r-devel-windows-x86_64 | 2.2.1 | 6.00 | 80.00 | 86.00 | OK | |
r-patched-linux-x86_64 | 2.2.1 | 4.72 | 69.41 | 74.13 | OK | |
r-release-linux-x86_64 | 2.2.1 | 6.19 | 69.71 | 75.90 | OK | |
r-release-macos-arm64 | 2.2.1 | 38.00 | OK | |||
r-release-macos-x86_64 | 2.2.1 | 87.00 | OK | |||
r-release-windows-x86_64 | 2.2.1 | 7.00 | 88.00 | 95.00 | OK | |
r-oldrel-macos-arm64 | 2.2.1 | 36.00 | OK | |||
r-oldrel-macos-x86_64 | 2.2.1 | 53.00 | OK | |||
r-oldrel-windows-x86_64 | 2.2.1 | 7.00 | 82.00 | 89.00 | OK |
Version: 2.2.1
Check: Rd files
Result: NOTE
checkRd: (-1) plot.incidence2.Rd:128: Lost braces; missing escapes or markup?
128 | nature and we recommend calling {ggplot2} but this function is often
| ^
Flavors: r-devel-linux-x86_64-debian-clang, r-devel-linux-x86_64-debian-gcc