Last updated on 2023-03-25 22:55:32 CET.
Flavor | Version | Tinstall | Tcheck | Ttotal | Status | Flags |
---|---|---|---|---|---|---|
r-devel-linux-x86_64-debian-clang | 1.2.0.1 | 6.88 | 21.90 | 28.78 | OK | |
r-devel-linux-x86_64-debian-gcc | 1.2.0.1 | 4.39 | 17.48 | 21.87 | OK | |
r-devel-linux-x86_64-fedora-clang | 1.2.0.1 | 39.83 | NOTE | |||
r-devel-linux-x86_64-fedora-gcc | 1.2.0.1 | 34.39 | NOTE | |||
r-patched-linux-x86_64 | 1.2.0.1 | 4.40 | 13.30 | 17.70 | OK | |
r-release-linux-x86_64 | 1.2.0.1 | 4.37 | 22.50 | 26.87 | OK | |
r-release-macos-arm64 | 1.2.0.1 | 17.00 | OK | |||
r-release-macos-x86_64 | 1.2.0.1 | 25.00 | OK | |||
r-release-windows-x86_64 | 1.2.0.1 | 12.00 | 66.00 | 78.00 | OK | |
r-oldrel-macos-arm64 | 1.2.0.1 | 17.00 | OK | |||
r-oldrel-macos-x86_64 | 1.2.0.1 | 26.00 | OK | |||
r-oldrel-windows-ix86+x86_64 | 1.2.0.1 | 15.00 | 52.00 | 67.00 | OK |
Version: 1.2.0.1
Check: compiled code
Result: NOTE
File ‘infotheo/libs/infotheo.so’:
Found no calls to: ‘R_registerRoutines’, ‘R_useDynamicSymbols’
It is good practice to register native routines and to disable symbol
search.
See ‘Writing portable packages’ in the ‘Writing R Extensions’ manual.
Flavors: r-devel-linux-x86_64-fedora-clang, r-devel-linux-x86_64-fedora-gcc