Last updated on 2023-12-02 21:39:58 CET.
Flavor | Version | Tinstall | Tcheck | Ttotal | Status | Flags |
---|---|---|---|---|---|---|
r-devel-linux-x86_64-debian-clang | 0.1.2 | 119.24 | 34.41 | 153.65 | NOTE | |
r-devel-linux-x86_64-debian-gcc | 0.1.2 | 81.98 | 26.50 | 108.48 | NOTE | |
r-devel-linux-x86_64-fedora-clang | 0.1.2 | 247.07 | NOTE | |||
r-devel-linux-x86_64-fedora-gcc | 0.1.2 | 230.77 | NOTE | |||
r-devel-windows-x86_64 | 0.1.2 | 88.00 | 68.00 | 156.00 | NOTE | |
r-patched-linux-x86_64 | 0.1.2 | 99.45 | 33.92 | 133.37 | NOTE | |
r-release-linux-x86_64 | 0.1.2 | 100.85 | 33.47 | 134.32 | NOTE | |
r-release-macos-arm64 | 0.1.2 | 49.00 | NOTE | |||
r-release-macos-x86_64 | 0.1.2 | 94.00 | NOTE | |||
r-release-windows-x86_64 | 0.1.2 | 88.00 | 74.00 | 162.00 | NOTE | |
r-oldrel-macos-arm64 | 0.1.2 | 48.00 | NOTE | |||
r-oldrel-macos-x86_64 | 0.1.2 | 65.00 | NOTE | |||
r-oldrel-windows-x86_64 | 0.1.2 | 106.00 | 78.00 | 184.00 | NOTE |
Version: 0.1.2
Check: LazyData
Result: NOTE
'LazyData' is specified without a 'data' directory
Flavors: r-devel-linux-x86_64-debian-clang, r-devel-linux-x86_64-debian-gcc, r-devel-linux-x86_64-fedora-clang, r-devel-linux-x86_64-fedora-gcc, r-devel-windows-x86_64, r-patched-linux-x86_64, r-release-linux-x86_64, r-release-macos-arm64, r-release-macos-x86_64, r-release-windows-x86_64, r-oldrel-macos-arm64, r-oldrel-macos-x86_64, r-oldrel-windows-x86_64