Last updated on 2023-09-20 21:52:52 CEST.
Flavor | Version | Tinstall | Tcheck | Ttotal | Status | Flags |
---|---|---|---|---|---|---|
r-devel-linux-x86_64-debian-clang | 0.1.1 | 33.33 | 27.77 | 61.10 | NOTE | |
r-devel-linux-x86_64-debian-gcc | 0.1.1 | 28.36 | 21.77 | 50.13 | NOTE | |
r-devel-linux-x86_64-fedora-clang | 0.1.1 | 99.61 | NOTE | |||
r-devel-linux-x86_64-fedora-gcc | 0.1.1 | 94.99 | NOTE | |||
r-devel-windows-x86_64 | 0.1.1 | 28.00 | 66.00 | 94.00 | NOTE | |
r-patched-linux-x86_64 | 0.1.1 | 36.36 | 27.12 | 63.48 | NOTE | |
r-release-linux-x86_64 | 0.1.1 | 35.59 | 27.30 | 62.89 | NOTE | |
r-release-macos-arm64 | 0.1.1 | 32.00 | NOTE | |||
r-release-macos-x86_64 | 0.1.1 | 46.00 | NOTE | |||
r-release-windows-x86_64 | 0.1.1 | 32.00 | 68.00 | 100.00 | NOTE | |
r-oldrel-macos-arm64 | 0.1.1 | 31.00 | NOTE | |||
r-oldrel-macos-x86_64 | 0.1.1 | 38.00 | NOTE | |||
r-oldrel-windows-x86_64 | 0.1.1 | 37.00 | 70.00 | 107.00 | NOTE |
Version: 0.1.1
Check: C++ specification
Result: NOTE
Specified C++11: please drop specification unless essential
Flavors: r-devel-linux-x86_64-debian-clang, r-devel-linux-x86_64-debian-gcc, r-devel-linux-x86_64-fedora-clang, r-devel-linux-x86_64-fedora-gcc, r-devel-windows-x86_64, r-patched-linux-x86_64, r-release-linux-x86_64, r-release-macos-arm64, r-release-macos-x86_64, r-release-windows-x86_64
Version: 0.1.1
Check: LazyData
Result: NOTE
'LazyData' is specified without a 'data' directory
Flavors: r-devel-linux-x86_64-debian-clang, r-devel-linux-x86_64-debian-gcc, r-devel-linux-x86_64-fedora-clang, r-devel-linux-x86_64-fedora-gcc, r-devel-windows-x86_64, r-patched-linux-x86_64, r-release-linux-x86_64, r-release-macos-arm64, r-release-macos-x86_64, r-release-windows-x86_64, r-oldrel-macos-arm64, r-oldrel-macos-x86_64, r-oldrel-windows-x86_64