CRAN Package Check Results for Package intervalaverage

Last updated on 2023-12-02 21:39:58 CET.

Flavor Version Tinstall Tcheck Ttotal Status Flags
r-devel-linux-x86_64-debian-clang 0.8.0 29.72 174.56 204.28 NOTE
r-devel-linux-x86_64-debian-gcc 0.8.0 19.56 125.92 145.48 NOTE
r-devel-linux-x86_64-fedora-clang 0.8.0 241.53 NOTE
r-devel-linux-x86_64-fedora-gcc 0.8.0 235.66 NOTE
r-devel-windows-x86_64 0.8.0 24.00 138.00 162.00 NOTE
r-patched-linux-x86_64 0.8.0 26.41 153.88 180.29 NOTE
r-release-linux-x86_64 0.8.0 26.94 150.82 177.76 NOTE
r-release-macos-arm64 0.8.0 67.00 NOTE
r-release-macos-x86_64 0.8.0 119.00 NOTE
r-release-windows-x86_64 0.8.0 23.00 161.00 184.00 NOTE
r-oldrel-macos-arm64 0.8.0 60.00 NOTE
r-oldrel-macos-x86_64 0.8.0 84.00 NOTE
r-oldrel-windows-x86_64 0.8.0 31.00 165.00 196.00 NOTE

Check Details

Version: 0.8.0
Check: LazyData
Result: NOTE 'LazyData' is specified without a 'data' directory Flavors: r-devel-linux-x86_64-debian-clang, r-devel-linux-x86_64-debian-gcc, r-devel-linux-x86_64-fedora-clang, r-devel-linux-x86_64-fedora-gcc, r-devel-windows-x86_64, r-patched-linux-x86_64, r-release-linux-x86_64, r-release-macos-arm64, r-release-macos-x86_64, r-release-windows-x86_64, r-oldrel-macos-arm64, r-oldrel-macos-x86_64, r-oldrel-windows-x86_64