Last updated on 2024-04-27 23:16:46 CEST.
Flavor | Version | Tinstall | Tcheck | Ttotal | Status | Flags |
---|---|---|---|---|---|---|
r-devel-linux-x86_64-debian-clang | 2.1.0 | 250.68 | 324.21 | 574.89 | OK | |
r-devel-linux-x86_64-debian-gcc | 2.1.0 | 200.15 | 320.77 | 520.92 | OK | |
r-devel-linux-x86_64-fedora-clang | 2.1.0 | 795.67 | OK | |||
r-devel-linux-x86_64-fedora-gcc | 2.1.0 | 924.01 | OK | |||
r-devel-windows-x86_64 | 2.1.0 | 190.00 | 321.00 | 511.00 | OK | |
r-patched-linux-x86_64 | 2.1.0 | 236.93 | 408.83 | 645.76 | OK | |
r-release-linux-x86_64 | 2.1.0 | 240.75 | 406.61 | 647.36 | OK | |
r-release-macos-arm64 | 2.1.0 | 241.00 | NOTE | |||
r-release-macos-x86_64 | 2.1.0 | 554.00 | NOTE | |||
r-release-windows-x86_64 | 2.1.0 | 186.00 | 321.00 | 507.00 | OK | |
r-oldrel-macos-arm64 | 2.1.0 | 241.00 | NOTE | |||
r-oldrel-macos-x86_64 | 2.1.0 | 499.00 | NOTE | |||
r-oldrel-windows-x86_64 | 2.1.0 | 229.00 | 416.00 | 645.00 | OK |
Version: 2.1.0
Check: installed package size
Result: NOTE
installed size is 9.9Mb
sub-directories of 1Mb or more:
libs 9.6Mb
Flavors: r-release-macos-arm64, r-release-macos-x86_64, r-oldrel-macos-arm64, r-oldrel-macos-x86_64