Last updated on 2023-12-02 21:39:58 CET.
Flavor | Version | Tinstall | Tcheck | Ttotal | Status | Flags |
---|---|---|---|---|---|---|
r-devel-linux-x86_64-debian-clang | 2.0.0 | 230.45 | 300.33 | 530.78 | OK | |
r-devel-linux-x86_64-debian-gcc | 2.0.0 | 143.80 | 301.28 | 445.08 | OK | |
r-devel-linux-x86_64-fedora-clang | 2.0.0 | 730.62 | OK | |||
r-devel-linux-x86_64-fedora-gcc | 2.0.0 | 846.00 | OK | |||
r-devel-windows-x86_64 | 2.0.0 | 156.00 | 279.00 | 435.00 | OK | |
r-patched-linux-x86_64 | 1.0.0 | 147.13 | 100.56 | 247.69 | OK | |
r-release-linux-x86_64 | 1.0.0 | 136.03 | 100.15 | 236.18 | OK | |
r-release-macos-arm64 | 2.0.0 | 223.00 | NOTE | |||
r-release-macos-x86_64 | 1.0.0 | 176.00 | NOTE | |||
r-release-windows-x86_64 | 1.0.0 | 161.00 | 136.00 | 297.00 | OK | |
r-oldrel-macos-arm64 | 2.0.0 | 20.00 | ERROR | |||
r-oldrel-macos-x86_64 | 1.0.0 | 117.00 | NOTE | |||
r-oldrel-windows-x86_64 | 2.0.0 | 41.00 | 10.00 | 51.00 | ERROR |
Version: 2.0.0
Check: installed package size
Result: NOTE
installed size is 8.8Mb
sub-directories of 1Mb or more:
libs 8.5Mb
Flavor: r-release-macos-arm64
Version: 1.0.0
Check: installed package size
Result: NOTE
installed size is 8.0Mb
sub-directories of 1Mb or more:
libs 7.7Mb
Flavors: r-release-macos-x86_64, r-oldrel-macos-x86_64
Version: 2.0.0
Check: whether package can be installed
Result: ERROR
Installation failed.
Flavors: r-oldrel-macos-arm64, r-oldrel-windows-x86_64