CRAN Package Check Results for Package iotables

Last updated on 2019-08-18 22:46:58 CEST.

Flavor Version Tinstall Tcheck Ttotal Status Flags
r-devel-linux-x86_64-debian-clang 0.4.2 12.22 125.50 137.72 OK
r-devel-linux-x86_64-debian-gcc 0.4.2 12.52 95.64 108.16 OK
r-devel-linux-x86_64-fedora-clang 0.4.2 168.55 NOTE
r-devel-linux-x86_64-fedora-gcc 0.4.2 161.17 NOTE
r-devel-windows-ix86+x86_64 0.4.2 45.00 203.00 248.00 OK
r-patched-linux-x86_64 0.4.2 13.32 121.88 135.20 OK
r-patched-solaris-x86 0.4.2 267.40 NOTE
r-release-linux-x86_64 0.4.2 13.26 121.42 134.68 OK
r-release-windows-ix86+x86_64 0.4.2 29.00 155.00 184.00 OK
r-release-osx-x86_64 0.4.2 NOTE
r-oldrel-windows-ix86+x86_64 0.4.2 35.00 188.00 223.00 OK
r-oldrel-osx-x86_64 0.4.2 NOTE

Check Details

Version: 0.4.2
Check: data for non-ASCII characters
Result: NOTE
     Note: found 53206 marked UTF-8 strings
Flavors: r-devel-linux-x86_64-fedora-clang, r-devel-linux-x86_64-fedora-gcc, r-patched-solaris-x86, r-release-osx-x86_64, r-oldrel-osx-x86_64