CRAN Package Check Results for Package iotables

Last updated on 2019-12-11 22:51:10 CET.

Flavor Version Tinstall Tcheck Ttotal Status Flags
r-devel-linux-x86_64-debian-clang 0.4.2 14.26 140.21 154.47 OK
r-devel-linux-x86_64-debian-gcc 0.4.2 13.98 105.22 119.20 OK
r-devel-linux-x86_64-fedora-clang 0.4.2 184.97 NOTE
r-devel-linux-x86_64-fedora-gcc 0.4.2 179.50 NOTE
r-devel-windows-ix86+x86_64 0.4.2 33.00 202.00 235.00 OK
r-devel-windows-ix86+x86_64-gcc8 0.4.2 33.00 239.00 272.00 OK
r-patched-linux-x86_64 0.4.2 13.92 123.14 137.06 OK
r-patched-solaris-x86 0.4.2 239.40 NOTE
r-release-linux-x86_64 0.4.2 12.95 124.43 137.38 OK
r-release-windows-ix86+x86_64 0.4.2 29.00 134.00 163.00 OK
r-release-osx-x86_64 0.4.2 NOTE
r-oldrel-windows-ix86+x86_64 0.4.2 16.00 126.00 142.00 OK
r-oldrel-osx-x86_64 0.4.2 NOTE

Check Details

Version: 0.4.2
Check: data for non-ASCII characters
Result: NOTE
     Note: found 53206 marked UTF-8 strings
Flavors: r-devel-linux-x86_64-fedora-clang, r-devel-linux-x86_64-fedora-gcc, r-patched-solaris-x86, r-release-osx-x86_64, r-oldrel-osx-x86_64