Last updated on 2023-02-07 23:07:50 CET.
Flavor | Version | Tinstall | Tcheck | Ttotal | Status | Flags |
---|---|---|---|---|---|---|
r-devel-linux-x86_64-debian-clang | 1.1.0 | 6.94 | 68.42 | 75.36 | OK | |
r-devel-linux-x86_64-debian-gcc | 1.1.0 | 6.20 | 52.57 | 58.77 | OK | |
r-devel-linux-x86_64-fedora-clang | 1.1.0 | 93.91 | NOTE | |||
r-devel-linux-x86_64-fedora-gcc | 1.1.0 | 92.65 | NOTE | |||
r-devel-windows-x86_64 | 1.1.0 | 15.00 | 90.00 | 105.00 | OK | |
r-patched-linux-x86_64 | 1.1.0 | 8.28 | 66.70 | 74.98 | OK | |
r-release-linux-x86_64 | 1.1.0 | 8.02 | 66.73 | 74.75 | OK | |
r-release-macos-arm64 | 1.1.0 | 31.00 | NOTE | |||
r-release-macos-x86_64 | 1.1.0 | 43.00 | NOTE | |||
r-release-windows-x86_64 | 1.1.0 | 11.00 | 102.00 | 113.00 | OK | |
r-oldrel-macos-arm64 | 1.1.0 | 31.00 | NOTE | |||
r-oldrel-macos-x86_64 | 1.1.0 | 43.00 | NOTE | |||
r-oldrel-windows-ix86+x86_64 | 1.1.0 | 18.00 | 88.00 | 106.00 | OK |
Version: 1.1.0
Check: dependencies in R code
Result: NOTE
Namespace in Imports field not imported from: ‘stringr’
All declared Imports should be used.
Flavors: r-devel-linux-x86_64-fedora-clang, r-devel-linux-x86_64-fedora-gcc, r-release-macos-arm64, r-release-macos-x86_64, r-oldrel-macos-arm64, r-oldrel-macos-x86_64