CRAN Package Check Results for Package ips

Last updated on 2019-06-24 22:59:55 CEST.

Flavor Version Tinstall Tcheck Ttotal Status Flags
r-devel-linux-x86_64-debian-clang 0.0-7 5.19 45.34 50.53 NOTE
r-devel-linux-x86_64-debian-gcc 0.0-7 4.10 36.64 40.74 NOTE
r-devel-linux-x86_64-fedora-clang 0.0-7 60.92 NOTE
r-devel-linux-x86_64-fedora-gcc 0.0-7 59.74 NOTE
r-devel-windows-ix86+x86_64 0.0-7 16.00 62.00 78.00 NOTE
r-patched-linux-x86_64 0.0-7 7.06 44.87 51.93 NOTE
r-patched-solaris-x86 0.0-7 94.20 NOTE
r-release-linux-x86_64 0.0-7 6.03 45.60 51.63 NOTE
r-release-windows-ix86+x86_64 0.0-7 11.00 87.00 98.00 NOTE
r-release-osx-x86_64 0.0-7 NOTE
r-oldrel-windows-ix86+x86_64 0.0-7 6.00 52.00 58.00 NOTE
r-oldrel-osx-x86_64 0.0-7 NOTE

Check Details

Version: 0.0-7
Check: R code for possible problems
Result: NOTE
    code.simple.gaps: no visible global function definition for 'tail'
    multistateMCMC: no visible global function definition for 'write.table'
    multistateMCMC: no visible global function definition for 'read.table'
    multistateMCMC: no visible global function definition for 'tail'
    multistateML: no visible global function definition for 'tail'
    multistateML: no visible global function definition for 'write.table'
    multistateML: no visible global function definition for 'read.table'
    phylo2mafft: no visible global function definition for 'write.table'
    read.beast : foo: no visible global function definition for 'head'
    read.beast: no visible global function definition for 'tail'
    read.starbeast: no visible global function definition for 'head'
    trimEnds : replaceWithN : getIndex: no visible global function
     definition for 'head'
    unresolve.clade: no visible global function definition for 'tail'
    unresolve.clade: no visible global function definition for 'head'
    write.fas: no visible global function definition for 'tail'
    Undefined global functions or variables:
     head read.table tail write.table
    Consider adding
     importFrom("utils", "head", "read.table", "tail", "write.table")
    to your NAMESPACE file.
Flavors: r-devel-linux-x86_64-debian-clang, r-devel-linux-x86_64-debian-gcc, r-devel-linux-x86_64-fedora-clang, r-devel-linux-x86_64-fedora-gcc, r-devel-windows-ix86+x86_64, r-patched-linux-x86_64, r-patched-solaris-x86, r-release-linux-x86_64, r-release-windows-ix86+x86_64, r-release-osx-x86_64, r-oldrel-windows-ix86+x86_64, r-oldrel-osx-x86_64