Last updated on 2024-04-22 23:09:53 CEST.
Flavor | Version | Tinstall | Tcheck | Ttotal | Status | Flags |
---|---|---|---|---|---|---|
r-devel-linux-x86_64-debian-clang | 0.0.11 | 14.57 | 117.04 | 131.61 | NOTE | |
r-devel-linux-x86_64-debian-gcc | 0.0.11 | 11.70 | 88.95 | 100.65 | NOTE | |
r-devel-linux-x86_64-fedora-clang | 0.0.11 | 179.17 | NOTE | |||
r-devel-linux-x86_64-fedora-gcc | 0.0.11 | 167.17 | NOTE | |||
r-prerel-macos-arm64 | 0.0.11 | 43.00 | NOTE | |||
r-prerel-windows-x86_64 | 0.0.11 | 15.00 | 112.00 | 127.00 | NOTE | |
r-patched-linux-x86_64 | 0.0.11 | 18.09 | 113.75 | 131.84 | NOTE | |
r-release-linux-x86_64 | 0.0.11 | 14.97 | 118.84 | 133.81 | OK | |
r-release-macos-arm64 | 0.0.11 | 51.00 | OK | |||
r-release-macos-x86_64 | 0.0.11 | 81.00 | OK | |||
r-release-windows-x86_64 | 0.0.11 | 17.00 | 133.00 | 150.00 | OK | |
r-oldrel-macos-arm64 | 0.0.11 | 41.00 | NOTE | |||
r-oldrel-windows-x86_64 | 0.0.11 | 18.00 | 130.00 | 148.00 | OK |
Version: 0.0.11
Check: Rd files
Result: NOTE
checkRd: (-1) gblocks.Rd:30: Lost braces; missing escapes or markup?
30 | the number of selected positions, i.e. are {more conservative}. Defaults to
| ^
Flavors: r-devel-linux-x86_64-debian-clang, r-devel-linux-x86_64-debian-gcc, r-devel-linux-x86_64-fedora-clang, r-devel-linux-x86_64-fedora-gcc, r-prerel-macos-arm64, r-prerel-windows-x86_64, r-patched-linux-x86_64
Version: 0.0.11
Check: Rd contents
Result: NOTE
Argument items with no description in Rd file 'mrbayes.Rd':
‘unlink’ ‘constraint’
Argument items with no description in Rd file 'mrbayes.lset.Rd':
‘partition’
Argument items with no description in Rd file 'multistate.Rd':
‘model’
Flavors: r-devel-linux-x86_64-debian-clang, r-devel-linux-x86_64-debian-gcc, r-devel-linux-x86_64-fedora-clang, r-devel-linux-x86_64-fedora-gcc, r-prerel-macos-arm64, r-prerel-windows-x86_64, r-patched-linux-x86_64
Version: 0.0.11
Check: dependencies in R code
Result: NOTE
Namespace in Imports field not imported from: ‘seqinr’
All declared Imports should be used.
Flavors: r-devel-linux-x86_64-fedora-clang, r-devel-linux-x86_64-fedora-gcc, r-oldrel-macos-arm64