CRAN Package Check Results for Package ips

Last updated on 2019-09-14 22:48:28 CEST.

Flavor Version Tinstall Tcheck Ttotal Status Flags
r-devel-linux-x86_64-debian-clang 0.0.11 10.72 77.99 88.71 OK
r-devel-linux-x86_64-debian-gcc 0.0.11 10.15 62.82 72.97 OK
r-devel-linux-x86_64-fedora-clang 0.0.11 108.12 NOTE
r-devel-linux-x86_64-fedora-gcc 0.0.11 106.73 NOTE
r-devel-windows-ix86+x86_64 0.0.11 29.00 92.00 121.00 OK
r-patched-linux-x86_64 0.0.11 8.61 78.04 86.65 OK
r-patched-solaris-x86 0.0.11 165.80 NOTE
r-release-linux-x86_64 0.0.11 10.40 77.23 87.63 OK
r-release-windows-ix86+x86_64 0.0.11 21.00 119.00 140.00 OK
r-release-osx-x86_64 0.0.11 NOTE
r-oldrel-windows-ix86+x86_64 0.0.11 19.00 85.00 104.00 OK
r-oldrel-osx-x86_64 0.0.11 NOTE

Check Details

Version: 0.0.11
Check: dependencies in R code
Result: NOTE
    Namespace in Imports field not imported from: ‘seqinr’
     All declared Imports should be used.
Flavors: r-devel-linux-x86_64-fedora-clang, r-devel-linux-x86_64-fedora-gcc, r-patched-solaris-x86, r-release-osx-x86_64, r-oldrel-osx-x86_64