Last updated on 2021-04-20 22:53:00 CEST.
Flavor | Version | Tinstall | Tcheck | Ttotal | Status | Flags |
---|---|---|---|---|---|---|
r-devel-linux-x86_64-debian-clang | 0.4.5 | 12.79 | 137.70 | 150.49 | NOTE | |
r-devel-linux-x86_64-debian-gcc | 0.4.5 | 10.24 | 102.03 | 112.27 | NOTE | |
r-devel-linux-x86_64-fedora-clang | 0.4.5 | 191.78 | NOTE | |||
r-devel-linux-x86_64-fedora-gcc | 0.4.5 | 164.44 | NOTE | |||
r-devel-windows-ix86+x86_64 | 0.4.5 | 15.00 | 129.00 | 144.00 | NOTE | |
r-devel-windows-x86_64-gcc10-UCRT | 0.4.5 | NOTE | ||||
r-patched-linux-x86_64 | 0.4.5 | 10.54 | 132.78 | 143.32 | WARN | |
r-patched-solaris-x86 | 0.4.5 | 221.50 | OK | |||
r-release-linux-x86_64 | 0.4.5 | 10.68 | 132.24 | 142.92 | OK | |
r-release-macos-x86_64 | 0.4.5 | OK | ||||
r-release-windows-ix86+x86_64 | 0.4.5 | 24.00 | 187.00 | 211.00 | OK | |
r-oldrel-macos-x86_64 | 0.4.5 | OK | ||||
r-oldrel-windows-ix86+x86_64 | 0.4.5 | 26.00 | 176.00 | 202.00 | OK |
Version: 0.4.5
Check: LazyData
Result: NOTE
'LazyData' is specified without a 'data' directory
Flavors: r-devel-linux-x86_64-debian-clang, r-devel-linux-x86_64-debian-gcc, r-devel-linux-x86_64-fedora-clang, r-devel-linux-x86_64-fedora-gcc, r-devel-windows-ix86+x86_64, r-devel-windows-x86_64-gcc10-UCRT
Version: 0.4.5
Check: whether package can be installed
Result: WARN
Found the following significant warnings:
Rd warning: /tmp/RtmpNQCwQp/R.INSTALL61b749a1c07/ipumsr/man/ipums_callback.Rd:51: file link ‘ChunkCallback’ in package ‘hipread’ does not exist and so has been treated as a topic
Rd warning: /tmp/RtmpNQCwQp/R.INSTALL61b749a1c07/ipumsr/man/ipums_callback.Rd:51: file link ‘HipChunkCallback’ in package ‘hipread’ does not exist and so has been treated as a topic
Rd warning: /tmp/RtmpNQCwQp/R.INSTALL61b749a1c07/ipumsr/man/ipums_callback.Rd:104: file link ‘ChunkCallback’ in package ‘hipread’ does not exist and so has been treated as a topic
Rd warning: /tmp/RtmpNQCwQp/R.INSTALL61b749a1c07/ipumsr/man/ipums_callback.Rd:104: file link ‘HipChunkCallback’ in package ‘hipread’ does not exist and so has been treated as a topic
Rd warning: /tmp/RtmpNQCwQp/R.INSTALL61b749a1c07/ipumsr/man/ipums_callback.Rd:104: file link ‘IpumsChunkCallback’ in package ‘ipumsr’ does not exist and so has been treated as a topic
Rd warning: /tmp/RtmpNQCwQp/R.INSTALL61b749a1c07/ipumsr/man/ipums_callback.Rd:170: file link ‘ChunkCallback’ in package ‘hipread’ does not exist and so has been treated as a topic
Rd warning: /tmp/RtmpNQCwQp/R.INSTALL61b749a1c07/ipumsr/man/ipums_callback.Rd:170: file link ‘HipChunkCallback’ in package ‘hipread’ does not exist and so has been treated as a topic
Rd warning: /tmp/RtmpNQCwQp/R.INSTALL61b749a1c07/ipumsr/man/ipums_callback.Rd:170: file link ‘IpumsChunkCallback’ in package ‘ipumsr’ does not exist and so has been treated as a topic
Rd warning: /tmp/RtmpNQCwQp/R.INSTALL61b749a1c07/ipumsr/man/ipums_callback.Rd:245: file link ‘ChunkCallback’ in package ‘hipread’ does not exist and so has been treated as a topic
Rd warning: /tmp/RtmpNQCwQp/R.INSTALL61b749a1c07/ipumsr/man/ipums_callback.Rd:245: file link ‘HipChunkCallback’ in package ‘hipread’ does not exist and so has been treated as a topic
Rd warning: /tmp/RtmpNQCwQp/R.INSTALL61b749a1c07/ipumsr/man/ipums_callback.Rd:245: file link ‘IpumsChunkCallback’ in package ‘ipumsr’ does not exist and so has been treated as a topic
Rd warning: /tmp/RtmpNQCwQp/R.INSTALL61b749a1c07/ipumsr/man/ipums_callback.Rd:320: file link ‘ChunkCallback’ in package ‘hipread’ does not exist and so has been treated as a topic
Rd warning: /tmp/RtmpNQCwQp/R.INSTALL61b749a1c07/ipumsr/man/ipums_callback.Rd:320: file link ‘HipChunkCallback’ in package ‘hipread’ does not exist and so has been treated as a topic
Rd warning: /tmp/RtmpNQCwQp/R.INSTALL61b749a1c07/ipumsr/man/ipums_callback.Rd:320: file link ‘IpumsChunkCallback’ in package ‘ipumsr’ does not exist and so has been treated as a topic
Rd warning: /tmp/RtmpNQCwQp/R.INSTALL61b749a1c07/ipumsr/man/ipums_collect.Rd:23: file link ‘collect’ in package ‘dplyr’ does not exist and so has been treated as a topic
Rd warning: /tmp/RtmpNQCwQp/R.INSTALL61b749a1c07/ipumsr/man/read_ipums_micro_yield.Rd:119: file link ‘HipYield’ in package ‘hipread’ does not exist and so has been treated as a topic
Rd warning: /tmp/RtmpNQCwQp/R.INSTALL61b749a1c07/ipumsr/man/read_ipums_micro_yield.Rd:119: file link ‘HipLongYield’ in package ‘hipread’ does not exist and so has been treated as a topic
Rd warning: /tmp/RtmpNQCwQp/R.INSTALL61b749a1c07/ipumsr/man/read_ipums_micro_yield.Rd:163: file link ‘HipYield’ in package ‘hipread’ does not exist and so has been treated as a topic
Rd warning: /tmp/RtmpNQCwQp/R.INSTALL61b749a1c07/ipumsr/man/read_ipums_micro_yield.Rd:163: file link ‘HipListYield’ in package ‘hipread’ does not exist and so has been treated as a topic
Flavor: r-patched-linux-x86_64