CRAN Package Check Results for Package irtoys

Last updated on 2019-08-17 22:46:29 CEST.

Flavor Version Tinstall Tcheck Ttotal Status Flags
r-devel-linux-x86_64-debian-clang 0.2.1 12.10 88.69 100.79 NOTE
r-devel-linux-x86_64-debian-gcc 0.2.1 8.86 69.12 77.98 NOTE
r-devel-linux-x86_64-fedora-clang 0.2.1 123.16 OK
r-devel-linux-x86_64-fedora-gcc 0.2.1 122.92 OK
r-devel-windows-ix86+x86_64 0.2.1 27.00 187.00 214.00 NOTE
r-patched-linux-x86_64 0.2.1 10.36 87.11 97.47 OK
r-patched-solaris-x86 0.2.1 191.20 OK
r-release-linux-x86_64 0.2.1 10.49 86.81 97.30 OK
r-release-windows-ix86+x86_64 0.2.1 29.00 181.00 210.00 OK
r-release-osx-x86_64 0.2.1 FAIL
r-oldrel-windows-ix86+x86_64 0.2.1 19.00 169.00 188.00 OK
r-oldrel-osx-x86_64 0.2.1 OK

Check Details

Version: 0.2.1
Check: package vignettes
Result: NOTE
    Package vignette with placeholder title 'Vignette Title':
     'irtoys-vignette.Rmd'
Flavors: r-devel-linux-x86_64-debian-clang, r-devel-linux-x86_64-debian-gcc, r-devel-windows-ix86+x86_64

Version: 0.2.1
Check: whether package can be installed
Result: FAIL
    
Flavor: r-release-osx-x86_64