CRAN Package Check Results for Package irtoys

Last updated on 2019-06-14 17:48:50 CEST.

Flavor Version Tinstall Tcheck Ttotal Status Flags
r-devel-linux-x86_64-debian-clang 0.2.1 12.06 88.01 100.07 OK
r-devel-linux-x86_64-debian-gcc 0.2.1 9.18 69.52 78.70 OK
r-devel-linux-x86_64-fedora-clang 0.2.1 119.38 OK
r-devel-linux-x86_64-fedora-gcc 0.2.1 115.88 OK
r-devel-windows-ix86+x86_64 0.2.1 28.00 187.00 215.00 OK
r-patched-linux-x86_64 0.2.1 10.42 87.30 97.72 OK
r-patched-solaris-x86 0.2.1 183.10 OK
r-release-linux-x86_64 0.2.1 11.66 87.62 99.28 OK
r-release-windows-ix86+x86_64 0.2.1 22.00 179.00 201.00 OK
r-release-osx-x86_64 0.2.1 FAIL
r-oldrel-windows-ix86+x86_64 0.2.1 11.00 162.00 173.00 OK
r-oldrel-osx-x86_64 0.2.1 OK

Check Details

Version: 0.2.1
Check: whether package can be installed
Result: FAIL
    
Flavor: r-release-osx-x86_64