CRAN Package Check Results for Package irtoys

Last updated on 2020-07-11 22:50:06 CEST.

Flavor Version Tinstall Tcheck Ttotal Status Flags
r-devel-linux-x86_64-debian-clang 0.2.1 12.51 94.67 107.18 NOTE
r-devel-linux-x86_64-debian-gcc 0.2.1 9.72 73.93 83.65 NOTE
r-devel-linux-x86_64-fedora-gcc 0.2.1 130.50 OK
r-devel-windows-ix86+x86_64 0.2.1 25.00 180.00 205.00 NOTE
r-patched-linux-x86_64 0.2.1 12.21 94.71 106.92 NOTE
r-patched-solaris-x86 0.2.1 189.10 OK
r-release-linux-x86_64 0.2.1 12.60 94.95 107.55 NOTE
r-release-macos-x86_64 0.2.1 OK
r-release-windows-ix86+x86_64 0.2.1 29.00 136.00 165.00 NOTE
r-oldrel-macos-x86_64 0.2.1 FAIL
r-oldrel-windows-ix86+x86_64 0.2.1 26.00 128.00 154.00 OK

Check Details

Version: 0.2.1
Check: package vignettes
Result: NOTE
    Package vignette with placeholder title 'Vignette Title':
     'irtoys-vignette.Rmd'
Flavors: r-devel-linux-x86_64-debian-clang, r-devel-linux-x86_64-debian-gcc, r-devel-windows-ix86+x86_64, r-patched-linux-x86_64, r-release-linux-x86_64, r-release-windows-ix86+x86_64

Version: 0.2.1
Check: whether package can be installed
Result: FAIL
Flavor: r-oldrel-macos-x86_64