CRAN Package Check Results for Package isni

Last updated on 2019-06-24 22:59:55 CEST.

Flavor Version Tinstall Tcheck Ttotal Status Flags
r-devel-linux-x86_64-debian-clang 0.4 3.62 40.81 44.43 NOTE
r-devel-linux-x86_64-debian-gcc 0.4 4.12 31.84 35.96 NOTE
r-devel-linux-x86_64-fedora-clang 0.4 54.72 OK
r-devel-linux-x86_64-fedora-gcc 0.4 52.40 OK
r-devel-windows-ix86+x86_64 0.4 14.00 54.00 68.00 OK
r-patched-linux-x86_64 0.4 5.06 40.24 45.30 OK
r-patched-solaris-x86 0.4 78.50 OK
r-release-linux-x86_64 0.4 4.72 40.77 45.49 OK
r-release-windows-ix86+x86_64 0.4 7.00 63.00 70.00 OK
r-release-osx-x86_64 0.4 OK
r-oldrel-windows-ix86+x86_64 0.4 6.00 47.00 53.00 OK
r-oldrel-osx-x86_64 0.4 OK

Check Details

Version: 0.4
Check: package vignettes
Result: NOTE
    Package vignette with placeholder title 'Vignette Title':
     'isni_vignette.Rmd'
Flavors: r-devel-linux-x86_64-debian-clang, r-devel-linux-x86_64-debian-gcc