Last updated on 2021-04-15 22:51:11 CEST.
Flavor | Version | Tinstall | Tcheck | Ttotal | Status | Flags |
---|---|---|---|---|---|---|
r-devel-linux-x86_64-debian-clang | 0.2.4 | 38.46 | 47.54 | 86.00 | NOTE | |
r-devel-linux-x86_64-debian-gcc | 0.2.4 | 36.33 | 36.59 | 72.92 | NOTE | |
r-devel-linux-x86_64-fedora-clang | 0.2.4 | 128.82 | NOTE | |||
r-devel-linux-x86_64-fedora-gcc | 0.2.4 | 123.90 | NOTE | |||
r-devel-windows-ix86+x86_64 | 0.2.4 | 102.00 | 98.00 | 200.00 | NOTE | |
r-devel-windows-x86_64-gcc10-UCRT | 0.2.4 | WARN | ||||
r-patched-linux-x86_64 | 0.2.4 | 40.58 | 44.62 | 85.20 | OK | |
r-patched-solaris-x86 | 0.2.4 | 112.90 | OK | |||
r-release-linux-x86_64 | 0.2.4 | 39.78 | 45.29 | 85.07 | OK | |
r-release-macos-x86_64 | 0.2.4 | NOTE | ||||
r-release-windows-ix86+x86_64 | 0.2.4 | 85.00 | 97.00 | 182.00 | NOTE | |
r-oldrel-macos-x86_64 | 0.2.4 | NOTE | ||||
r-oldrel-windows-ix86+x86_64 | 0.2.4 | 93.00 | 78.00 | 171.00 | OK |
Version: 0.2.4
Check: LazyData
Result: NOTE
'LazyData' is specified without a 'data' directory
Flavors: r-devel-linux-x86_64-debian-clang, r-devel-linux-x86_64-debian-gcc, r-devel-linux-x86_64-fedora-clang, r-devel-linux-x86_64-fedora-gcc, r-devel-windows-ix86+x86_64, r-devel-windows-x86_64-gcc10-UCRT
Version: 0.2.4
Check: installed package size
Result: NOTE
installed size is 9.1Mb
sub-directories of 1Mb or more:
doc 1.1Mb
libs 6.8Mb
Flavors: r-devel-linux-x86_64-fedora-clang, r-devel-windows-ix86+x86_64, r-release-macos-x86_64, r-release-windows-ix86+x86_64, r-oldrel-macos-x86_64
Version: 0.2.4
Check: re-building of vignette outputs
Result: WARN
Error(s) in re-building vignettes:
...
--- re-building 'isoband1.Rmd' using rmarkdown
--- finished re-building 'isoband1.Rmd'
--- re-building 'isoband2.Rmd' using rmarkdown
Quitting from lines 56-97 (isoband2.Rmd)
Error: processing vignette 'isoband2.Rmd' failed with diagnostics:
Rterm.exe: Backing store not supported `C:\msys64\home\tomas\ucrt3\svn\ucrt3\r_packages\pkgcheck\CRAN\isoband\isoband.Rcheck\isoband\extdata\ocean-cat.jpg' @ error/jpeg.c/JPEGErrorHandler/346
--- failed re-building 'isoband2.Rmd'
--- re-building 'isoband3.Rmd' using rmarkdown
--- finished re-building 'isoband3.Rmd'
SUMMARY: processing the following file failed:
'isoband2.Rmd'
Error: Vignette re-building failed.
Execution halted
Flavor: r-devel-windows-x86_64-gcc10-UCRT