CRAN Package Check Results for Package isocountry

Last updated on 2024-05-29 22:56:52 CEST.

Flavor Version Tinstall Tcheck Ttotal Status Flags
r-devel-linux-x86_64-debian-clang 0.2.0 3.35 34.95 38.30 OK
r-devel-linux-x86_64-debian-gcc 0.2.0 2.95 27.06 30.01 OK
r-devel-linux-x86_64-fedora-clang 0.2.0 49.05 NOTE
r-devel-linux-x86_64-fedora-gcc 0.2.0 46.48 NOTE
r-devel-windows-x86_64 0.2.0 5.00 46.00 51.00 OK
r-patched-linux-x86_64 0.2.0 3.62 34.44 38.06 OK
r-release-linux-x86_64 0.2.0 4.10 34.24 38.34 OK
r-release-macos-arm64 0.2.0 19.00 OK
r-release-macos-x86_64 0.2.0 50.00 OK
r-release-windows-x86_64 0.2.0 4.00 46.00 50.00 OK
r-oldrel-macos-arm64 0.2.0 24.00 OK
r-oldrel-macos-x86_64 0.2.0 41.00 OK
r-oldrel-windows-x86_64 0.2.0 5.00 50.00 55.00 OK

Check Details

Version: 0.2.0
Check: data for non-ASCII characters
Result: NOTE Note: found 12 marked UTF-8 strings Flavors: r-devel-linux-x86_64-fedora-clang, r-devel-linux-x86_64-fedora-gcc