Last updated on 2023-11-30 22:59:02 CET.
Flavor | Version | Tinstall | Tcheck | Ttotal | Status | Flags |
---|---|---|---|---|---|---|
r-devel-linux-x86_64-debian-clang | 1.1.5 | 433.96 | 369.31 | 803.27 | NOTE | |
r-devel-linux-x86_64-debian-gcc | 1.1.5 | 258.09 | 284.16 | 542.25 | NOTE | |
r-devel-linux-x86_64-fedora-clang | 1.1.5 | 930.56 | NOTE | |||
r-devel-linux-x86_64-fedora-gcc | 1.1.5 | 949.45 | NOTE | |||
r-devel-windows-x86_64 | 1.1.5 | 215.00 | 277.00 | 492.00 | NOTE | |
r-patched-linux-x86_64 | 1.1.5 | 200.05 | 368.45 | 568.50 | NOTE | |
r-release-linux-x86_64 | 1.1.5 | 211.47 | 366.45 | 577.92 | NOTE | |
r-release-macos-arm64 | 1.1.5 | 297.00 | NOTE | |||
r-release-macos-x86_64 | 1.1.5 | 802.00 | NOTE | |||
r-release-windows-x86_64 | 1.1.5 | 298.00 | 375.00 | 673.00 | NOTE | |
r-oldrel-macos-arm64 | 1.1.5 | 290.00 | NOTE | |||
r-oldrel-macos-x86_64 | 1.1.5 | 417.00 | NOTE | |||
r-oldrel-windows-x86_64 | 1.1.5 | 283.00 | 361.00 | 644.00 | NOTE |
Version: 1.1.5
Check: Rd files
Result: NOTE
checkRd: (-1) run_mcmc.Rd:61: Lost braces; missing escapes or markup?
61 | object of class \code{networkModelStanfit} and {mcmc.list}, which still
| ^
Flavors: r-devel-linux-x86_64-debian-clang, r-devel-linux-x86_64-debian-gcc
Version: 1.1.5
Check: for GNU extensions in Makefiles
Result: NOTE
GNU make is a SystemRequirements.
Flavors: r-devel-linux-x86_64-debian-clang, r-devel-linux-x86_64-debian-gcc, r-devel-linux-x86_64-fedora-clang, r-devel-linux-x86_64-fedora-gcc, r-devel-windows-x86_64, r-patched-linux-x86_64, r-release-linux-x86_64, r-release-macos-arm64, r-release-macos-x86_64, r-release-windows-x86_64, r-oldrel-macos-arm64, r-oldrel-macos-x86_64, r-oldrel-windows-x86_64
Version: 1.1.5
Check: installed package size
Result: NOTE
installed size is 9.3Mb
sub-directories of 1Mb or more:
data 1.9Mb
doc 2.3Mb
libs 4.1Mb
Flavors: r-devel-linux-x86_64-fedora-clang, r-devel-windows-x86_64, r-release-macos-arm64, r-release-macos-x86_64, r-release-windows-x86_64, r-oldrel-macos-arm64, r-oldrel-macos-x86_64, r-oldrel-windows-x86_64
Version: 1.1.5
Check: dependencies in R code
Result: NOTE
Namespace in Imports field not imported from: ‘rstantools’
All declared Imports should be used.
Flavors: r-devel-linux-x86_64-fedora-clang, r-devel-linux-x86_64-fedora-gcc