Last updated on 2024-04-18 22:52:45 CEST.
Flavor | Version | Tinstall | Tcheck | Ttotal | Status | Flags |
---|---|---|---|---|---|---|
r-devel-linux-x86_64-debian-clang | 0.6.1-1 | 181.11 | 71.75 | 252.86 | OK | |
r-devel-linux-x86_64-debian-gcc | 0.6.1-1 | 168.22 | 50.11 | 218.33 | OK | |
r-devel-linux-x86_64-fedora-clang | 0.6.1-1 | 348.39 | OK | |||
r-devel-linux-x86_64-fedora-gcc | 0.6.1-1 | 450.51 | OK | |||
r-prerel-macos-arm64 | 0.6.1-1 | 73.00 | NOTE | |||
r-prerel-macos-x86_64 | 0.6.1-1 | 215.00 | NOTE | |||
r-prerel-windows-x86_64 | 0.6.1-1 | 136.00 | 95.00 | 231.00 | OK | |
r-patched-linux-x86_64 | 0.6.1-1 | 202.48 | 68.82 | 271.30 | OK | |
r-release-linux-x86_64 | 0.6.1-1 | 201.91 | 65.78 | 267.69 | OK | |
r-release-macos-arm64 | 0.6.1-1 | 96.00 | NOTE | |||
r-release-macos-x86_64 | 0.6.1-1 | 224.00 | NOTE | |||
r-release-windows-x86_64 | 0.6.1-1 | 153.00 | 111.00 | 264.00 | OK | |
r-oldrel-macos-arm64 | 0.5.24-3 | 69.00 | NOTE | |||
r-oldrel-windows-x86_64 | 0.5.24-3 | 125.00 | 98.00 | 223.00 | OK |
Version: 0.6.1-1
Check: installed package size
Result: NOTE
installed size is 15.3Mb
sub-directories of 1Mb or more:
doc 1.6Mb
libs 13.4Mb
Flavors: r-prerel-macos-arm64, r-prerel-macos-x86_64, r-release-macos-arm64, r-release-macos-x86_64
Version: 0.5.24-3
Check: installed package size
Result: NOTE
installed size is 13.7Mb
sub-directories of 1Mb or more:
doc 1.6Mb
libs 11.8Mb
Flavor: r-oldrel-macos-arm64