Last updated on 2024-04-23 22:55:25 CEST.
Flavor | Version | Tinstall | Tcheck | Ttotal | Status | Flags |
---|---|---|---|---|---|---|
r-devel-linux-x86_64-debian-clang | 0.1.0 | 2.10 | 21.43 | 23.53 | NOTE | |
r-devel-linux-x86_64-debian-gcc | 0.1.0 | 1.28 | 16.92 | 18.20 | NOTE | |
r-devel-linux-x86_64-fedora-clang | 0.1.0 | 30.10 | NOTE | |||
r-devel-linux-x86_64-fedora-gcc | 0.1.0 | 28.37 | NOTE | |||
r-prerel-macos-arm64 | 0.1.0 | 14.00 | NOTE | |||
r-prerel-windows-x86_64 | 0.1.0 | 2.00 | 40.00 | 42.00 | NOTE | |
r-patched-linux-x86_64 | 0.1.0 | 1.67 | 20.91 | 22.58 | NOTE | |
r-release-linux-x86_64 | 0.1.0 | 2.18 | 20.37 | 22.55 | OK | |
r-release-macos-arm64 | 0.1.0 | 14.00 | OK | |||
r-release-macos-x86_64 | 0.1.0 | 18.00 | OK | |||
r-release-windows-x86_64 | 0.1.0 | 3.00 | 39.00 | 42.00 | OK | |
r-oldrel-macos-arm64 | 0.1.0 | 16.00 | OK | |||
r-oldrel-windows-x86_64 | 0.1.0 | 5.00 | 48.00 | 53.00 | OK |
Version: 0.1.0
Check: Rd files
Result: NOTE
checkRd: (-1) italy08.Rd:7: Lost braces
7 | \format{A data frame with 11 variables: \code{parent}, \code{sex}, \code{anasc}, \code{nascreg}, ' \code{cit}, \code{acom4c}, \code{studio}, code{q}, code{qual}, code{sett}, code{ireg}. There is an additional variable \code{id} that is the unique identifier for the data set.
| ^
checkRd: (-1) italy08.Rd:7: Lost braces
7 | \format{A data frame with 11 variables: \code{parent}, \code{sex}, \code{anasc}, \code{nascreg}, ' \code{cit}, \code{acom4c}, \code{studio}, code{q}, code{qual}, code{sett}, code{ireg}. There is an additional variable \code{id} that is the unique identifier for the data set.
| ^
checkRd: (-1) italy08.Rd:7: Lost braces
7 | \format{A data frame with 11 variables: \code{parent}, \code{sex}, \code{anasc}, \code{nascreg}, ' \code{cit}, \code{acom4c}, \code{studio}, code{q}, code{qual}, code{sett}, code{ireg}. There is an additional variable \code{id} that is the unique identifier for the data set.
| ^
checkRd: (-1) italy08.Rd:7: Lost braces
7 | \format{A data frame with 11 variables: \code{parent}, \code{sex}, \code{anasc}, \code{nascreg}, ' \code{cit}, \code{acom4c}, \code{studio}, code{q}, code{qual}, code{sett}, code{ireg}. There is an additional variable \code{id} that is the unique identifier for the data set.
| ^
checkRd: (-1) italy10.Rd:7: Lost braces
7 | \format{A data frame with 11 variables: \code{parent}, \code{sex}, \code{anasc}, \code{nascreg}, ' \code{cit}, \code{acom4c}, \code{studio}, code{q}, code{qual}, code{sett}, code{ireg}. There is an additional variable \code{id} that is the unique identifier for the data set.
| ^
checkRd: (-1) italy10.Rd:7: Lost braces
7 | \format{A data frame with 11 variables: \code{parent}, \code{sex}, \code{anasc}, \code{nascreg}, ' \code{cit}, \code{acom4c}, \code{studio}, code{q}, code{qual}, code{sett}, code{ireg}. There is an additional variable \code{id} that is the unique identifier for the data set.
| ^
checkRd: (-1) italy10.Rd:7: Lost braces
7 | \format{A data frame with 11 variables: \code{parent}, \code{sex}, \code{anasc}, \code{nascreg}, ' \code{cit}, \code{acom4c}, \code{studio}, code{q}, code{qual}, code{sett}, code{ireg}. There is an additional variable \code{id} that is the unique identifier for the data set.
| ^
checkRd: (-1) italy10.Rd:7: Lost braces
7 | \format{A data frame with 11 variables: \code{parent}, \code{sex}, \code{anasc}, \code{nascreg}, ' \code{cit}, \code{acom4c}, \code{studio}, code{q}, code{qual}, code{sett}, code{ireg}. There is an additional variable \code{id} that is the unique identifier for the data set.
| ^
Flavors: r-devel-linux-x86_64-debian-clang, r-devel-linux-x86_64-debian-gcc, r-devel-linux-x86_64-fedora-clang, r-devel-linux-x86_64-fedora-gcc, r-prerel-macos-arm64, r-prerel-windows-x86_64, r-patched-linux-x86_64