Last updated on 2023-12-02 21:39:58 CET.
Flavor | Version | Tinstall | Tcheck | Ttotal | Status | Flags |
---|---|---|---|---|---|---|
r-devel-linux-x86_64-debian-clang | 1.2.0 | 37.10 | 38.46 | 75.56 | WARN | |
r-devel-linux-x86_64-debian-gcc | 1.2.0 | 25.75 | 29.78 | 55.53 | OK | |
r-devel-linux-x86_64-fedora-clang | 1.2.1 | 111.74 | OK | |||
r-devel-linux-x86_64-fedora-gcc | 1.2.1 | 117.72 | OK | |||
r-devel-windows-x86_64 | 1.2.0 | 31.00 | 68.00 | 99.00 | OK | |
r-patched-linux-x86_64 | 1.2.0 | 29.41 | 37.45 | 66.86 | OK | |
r-release-linux-x86_64 | 1.2.0 | 31.36 | 37.25 | 68.61 | OK | |
r-release-macos-arm64 | 1.2.0 | 35.00 | OK | |||
r-release-macos-x86_64 | 1.2.0 | 53.00 | OK | |||
r-release-windows-x86_64 | 1.2.0 | 30.00 | 76.00 | 106.00 | OK | |
r-oldrel-macos-arm64 | 1.2.0 | 30.00 | OK | |||
r-oldrel-macos-x86_64 | 1.2.0 | 44.00 | OK | |||
r-oldrel-windows-x86_64 | 1.2.0 | 39.00 | 75.00 | 114.00 | OK |
Version: 1.2.0
Check: whether package can be installed
Result: WARN
Found the following significant warnings:
RcppExports.cpp:55:18: warning: format string is not a string literal (potentially insecure) [-Wformat-security]
RcppExports.cpp:91:18: warning: format string is not a string literal (potentially insecure) [-Wformat-security]
RcppExports.cpp:132:18: warning: format string is not a string literal (potentially insecure) [-Wformat-security]
RcppExports.cpp:167:18: warning: format string is not a string literal (potentially insecure) [-Wformat-security]
RcppExports.cpp:202:18: warning: format string is not a string literal (potentially insecure) [-Wformat-security]
RcppExports.cpp:237:18: warning: format string is not a string literal (potentially insecure) [-Wformat-security]
RcppExports.cpp:272:18: warning: format string is not a string literal (potentially insecure) [-Wformat-security]
RcppExports.cpp:307:18: warning: format string is not a string literal (potentially insecure) [-Wformat-security]
RcppExports.cpp:342:18: warning: format string is not a string literal (potentially insecure) [-Wformat-security]
RcppExports.cpp:377:18: warning: format string is not a string literal (potentially insecure) [-Wformat-security]
RcppExports.cpp:412:18: warning: format string is not a string literal (potentially insecure) [-Wformat-security]
RcppExports.cpp:446:18: warning: format string is not a string literal (potentially insecure) [-Wformat-security]
See ‘/home/hornik/tmp/R.check/r-devel-clang/Work/PKGS/itp.Rcheck/00install.out’ for details.
* used C++ compiler: ‘Debian clang version 17.0.5 (1)’
Flavor: r-devel-linux-x86_64-debian-clang