Last updated on 2024-04-17 22:59:56 CEST.
Flavor | Version | Tinstall | Tcheck | Ttotal | Status | Flags |
---|---|---|---|---|---|---|
r-devel-linux-x86_64-debian-clang | 0.6-2 | 5.47 | 85.41 | 90.88 | OK | |
r-devel-linux-x86_64-debian-gcc | 0.6-2 | 3.49 | 65.23 | 68.72 | OK | |
r-devel-linux-x86_64-fedora-clang | 0.6-2 | 116.69 | OK | |||
r-devel-linux-x86_64-fedora-gcc | 0.6-2 | 132.06 | OK | |||
r-prerel-macos-arm64 | 0.6-2 | 38.00 | OK | |||
r-prerel-windows-x86_64 | 0.6-2 | 5.00 | 80.00 | 85.00 | OK | |
r-patched-linux-x86_64 | 0.6-2 | 15.01 | 81.55 | 96.56 | OK | |
r-release-linux-x86_64 | 0.6-2 | 3.40 | 82.04 | 85.44 | OK | |
r-release-macos-arm64 | 0.6-2 | 43.00 | OK | |||
r-release-macos-x86_64 | 0.6-2 | 66.00 | NOTE | |||
r-release-windows-x86_64 | 0.6-2 | 7.00 | 91.00 | 98.00 | OK | |
r-oldrel-macos-arm64 | 0.6-2 | 25.00 | OK | |||
r-oldrel-windows-x86_64 | 0.6-2 | 6.00 | 95.00 | 101.00 | OK |
Version: 0.6-2
Check: package dependencies
Result: NOTE
Package suggested but not available for checking: ‘AER’
Flavor: r-release-macos-x86_64
Version: 0.6-2
Check: Rd cross-references
Result: NOTE
Package unavailable to check Rd xrefs: ‘AER’
Flavor: r-release-macos-x86_64