CRAN Package Check Results for Package ivsacim

Last updated on 2023-12-06 23:12:03 CET.

Flavor Version Tinstall Tcheck Ttotal Status Flags
r-devel-linux-x86_64-debian-clang 2.1.0 44.56 31.73 76.29 NOTE
r-devel-linux-x86_64-debian-gcc 2.1.0 28.60 24.59 53.19 NOTE
r-devel-linux-x86_64-fedora-clang 2.1.0 109.58 NOTE
r-devel-linux-x86_64-fedora-gcc 2.1.0 103.93 NOTE
r-devel-windows-x86_64 2.1.0 33.00 68.00 101.00 NOTE
r-patched-linux-x86_64 2.1.0 30.55 31.15 61.70 NOTE
r-release-linux-x86_64 2.1.0 36.96 31.15 68.11 NOTE
r-release-macos-arm64 2.1.0 28.00 NOTE
r-release-macos-x86_64 2.1.0 42.00 NOTE
r-release-windows-x86_64 2.1.0 39.00 77.00 116.00 NOTE
r-oldrel-macos-arm64 2.1.0 30.00 OK
r-oldrel-macos-x86_64 2.1.0 37.00 OK
r-oldrel-windows-x86_64 2.1.0 40.00 72.00 112.00 OK

Check Details

Version: 2.1.0
Check: C++ specification
Result: NOTE Specified C++11: please drop specification unless essential Flavors: r-devel-linux-x86_64-debian-clang, r-devel-linux-x86_64-debian-gcc, r-devel-linux-x86_64-fedora-clang, r-devel-linux-x86_64-fedora-gcc, r-devel-windows-x86_64, r-patched-linux-x86_64, r-release-linux-x86_64, r-release-macos-arm64, r-release-macos-x86_64, r-release-windows-x86_64