Last updated on 2023-12-02 21:39:58 CET.
Flavor | Version | Tinstall | Tcheck | Ttotal | Status | Flags |
---|---|---|---|---|---|---|
r-devel-linux-x86_64-debian-clang | 1.5 | 193.72 | 32.18 | 225.90 | OK | |
r-devel-linux-x86_64-debian-gcc | 1.5 | 134.61 | 25.31 | 159.92 | OK | |
r-devel-linux-x86_64-fedora-clang | 1.5 | 341.44 | OK | |||
r-devel-linux-x86_64-fedora-gcc | 1.5 | 355.36 | OK | |||
r-devel-windows-x86_64 | 1.5 | 138.00 | 83.00 | 221.00 | OK | |
r-patched-linux-x86_64 | 1.5 | 162.39 | 31.50 | 193.89 | OK | |
r-release-linux-x86_64 | 1.5 | 159.80 | 31.95 | 191.75 | OK | |
r-release-macos-arm64 | 1.5 | 85.00 | NOTE | |||
r-release-macos-x86_64 | 1.5 | 146.00 | NOTE | |||
r-release-windows-x86_64 | 1.5 | 131.00 | 91.00 | 222.00 | OK | |
r-oldrel-macos-arm64 | 1.5 | 69.00 | NOTE | |||
r-oldrel-macos-x86_64 | 1.5 | 95.00 | NOTE | |||
r-oldrel-windows-x86_64 | 1.5 | 171.00 | 86.00 | 257.00 | OK |
Version: 1.5
Check: installed package size
Result: NOTE
installed size is 12.9Mb
sub-directories of 1Mb or more:
libs 12.6Mb
Flavors: r-release-macos-arm64, r-release-macos-x86_64, r-oldrel-macos-arm64, r-oldrel-macos-x86_64