CRAN Package Check Results for Package jmotif

Last updated on 2024-06-13 22:49:31 CEST.

Flavor Version Tinstall Tcheck Ttotal Status Flags
r-devel-linux-x86_64-debian-clang 1.1.1 297.91 37.02 334.93 NOTE
r-devel-linux-x86_64-debian-gcc 1.1.1 181.27 26.11 207.38 ERROR
r-devel-linux-x86_64-fedora-clang 1.1.1 496.42 NOTE
r-devel-linux-x86_64-fedora-gcc 1.1.1 501.26 NOTE
r-devel-windows-x86_64 1.1.1 210.00 78.00 288.00 NOTE
r-patched-linux-x86_64 1.1.1 230.00 37.22 267.22 NOTE
r-release-linux-x86_64 1.1.1 238.74 35.98 274.72 NOTE
r-release-macos-arm64 1.1.1 76.00 NOTE
r-release-macos-x86_64 1.1.1 72.00 NOTE
r-release-windows-x86_64 1.1.1 212.00 101.00 313.00 NOTE
r-oldrel-macos-arm64 1.1.1 97.00 NOTE
r-oldrel-macos-x86_64 1.1.1 174.00 NOTE
r-oldrel-windows-x86_64 1.1.1 257.00 89.00 346.00 NOTE

Check Details

Version: 1.1.1
Check: C++ specification
Result: NOTE Specified C++11: please drop specification unless essential Flavors: r-devel-linux-x86_64-debian-clang, r-devel-linux-x86_64-debian-gcc, r-devel-linux-x86_64-fedora-clang, r-devel-linux-x86_64-fedora-gcc, r-devel-windows-x86_64, r-patched-linux-x86_64, r-release-linux-x86_64, r-release-macos-arm64, r-release-macos-x86_64, r-release-windows-x86_64, r-oldrel-macos-arm64, r-oldrel-macos-x86_64, r-oldrel-windows-x86_64

Version: 1.1.1
Check: package dependencies
Result: NOTE Package suggested but not available for checking: ‘testthat’ Flavor: r-devel-linux-x86_64-debian-gcc

Version: 1.1.1
Check: tests
Result: ERROR Running ‘testthat.R’ [0s/1s] Running the tests in ‘tests/testthat.R’ failed. Complete output: > library(testthat) Error in library(testthat) : there is no package called 'testthat' Execution halted Flavor: r-devel-linux-x86_64-debian-gcc

Version: 1.1.1
Check: installed package size
Result: NOTE installed size is 6.6Mb sub-directories of 1Mb or more: data 1.1Mb libs 5.4Mb Flavors: r-release-macos-arm64, r-release-macos-x86_64, r-oldrel-macos-arm64, r-oldrel-macos-x86_64