Last updated on 2023-12-07 21:55:50 CET.
Flavor | Version | Tinstall | Tcheck | Ttotal | Status | Flags |
---|---|---|---|---|---|---|
r-devel-linux-x86_64-debian-clang | 1.1.1 | 262.91 | 37.35 | 300.26 | NOTE | |
r-devel-linux-x86_64-debian-gcc | 1.1.1 | 190.65 | 29.44 | 220.09 | NOTE | |
r-devel-linux-x86_64-fedora-clang | 1.1.1 | 499.58 | NOTE | |||
r-devel-linux-x86_64-fedora-gcc | 1.1.1 | 476.77 | NOTE | |||
r-devel-windows-x86_64 | 1.1.1 | 204.00 | 79.00 | 283.00 | NOTE | |
r-patched-linux-x86_64 | 1.1.1 | 232.53 | 36.74 | 269.27 | NOTE | |
r-release-linux-x86_64 | 1.1.1 | 229.49 | 36.19 | 265.68 | NOTE | |
r-release-macos-arm64 | 1.1.1 | 97.00 | NOTE | |||
r-release-macos-x86_64 | 1.1.1 | 174.00 | NOTE | |||
r-release-windows-x86_64 | 1.1.1 | 260.00 | 91.00 | 351.00 | NOTE | |
r-oldrel-macos-arm64 | 1.1.1 | 92.00 | NOTE | |||
r-oldrel-macos-x86_64 | 1.1.1 | 120.00 | NOTE | |||
r-oldrel-windows-x86_64 | 1.1.1 | 256.00 | 84.00 | 340.00 | OK |
Version: 1.1.1
Check: C++ specification
Result: NOTE
Specified C++11: please drop specification unless essential
Flavors: r-devel-linux-x86_64-debian-clang, r-devel-linux-x86_64-debian-gcc, r-devel-linux-x86_64-fedora-clang, r-devel-linux-x86_64-fedora-gcc, r-devel-windows-x86_64, r-patched-linux-x86_64, r-release-linux-x86_64, r-release-macos-arm64, r-release-macos-x86_64, r-release-windows-x86_64
Version: 1.1.1
Check: installed package size
Result: NOTE
installed size is 7.0Mb
sub-directories of 1Mb or more:
data 1.1Mb
libs 5.8Mb
Flavors: r-release-macos-arm64, r-release-macos-x86_64, r-oldrel-macos-arm64, r-oldrel-macos-x86_64