CRAN Package Check Results for Package jmv

Last updated on 2019-05-20 22:53:38 CEST.

Flavor Version Tinstall Tcheck Ttotal Status Flags
r-devel-linux-x86_64-debian-clang 0.9.6.1 69.02 89.41 158.43 NOTE
r-devel-linux-x86_64-debian-gcc 0.9.6.1 60.28 70.38 130.66 NOTE
r-devel-linux-x86_64-fedora-clang 0.9.6.1 199.11 NOTE
r-devel-linux-x86_64-fedora-gcc 0.9.6.1 202.85 NOTE
r-devel-windows-ix86+x86_64 0.9.6.1 127.00 149.00 276.00 NOTE
r-patched-linux-x86_64 0.9.6.1 67.25 90.49 157.74 NOTE
r-patched-solaris-x86 0.9.6.1 258.70 NOTE
r-release-linux-x86_64 0.9.6.1 68.78 89.06 157.84 NOTE
r-release-windows-ix86+x86_64 0.9.6.1 124.00 144.00 268.00 NOTE
r-release-osx-x86_64 0.9.6.1 NOTE
r-oldrel-windows-ix86+x86_64 0.9.6.1 78.00 94.00 172.00 NOTE
r-oldrel-osx-x86_64 0.9.6.1 NOTE

Check Details

Version: 0.9.6.1
Check: dependencies in R code
Result: NOTE
    ':::' calls which should be '::':
     'jmvcore:::decomposeFormula' 'jmvcore:::enquo'
     'jmvcore:::marshalData' 'jmvcore:::marshalFormula'
     'jmvcore:::resolveQuo'
     See the note in ?`:::` about the use of this operator.
Flavors: r-devel-linux-x86_64-debian-clang, r-devel-linux-x86_64-debian-gcc, r-devel-windows-ix86+x86_64, r-patched-linux-x86_64, r-release-linux-x86_64, r-release-windows-ix86+x86_64, r-oldrel-windows-ix86+x86_64

Version: 0.9.6.1
Check: dependencies in R code
Result: NOTE
    Namespaces in Imports field not imported from:
     ‘BayesFactor’ ‘GGally’ ‘GPArotation’ ‘MASS’ ‘PMCMR’ ‘R6’ ‘ROCR’
     ‘afex’ ‘car’ ‘emmeans’ ‘ggridges’ ‘lavaan’ ‘multcomp’ ‘mvnormtest’
     ‘nnet’ ‘psych’ ‘vcd’ ‘vcdExtra’
     All declared Imports should be used.
    ':::' calls which should be '::':
     ‘jmvcore:::decomposeFormula’ ‘jmvcore:::enquo’
     ‘jmvcore:::marshalData’ ‘jmvcore:::marshalFormula’
     ‘jmvcore:::resolveQuo’
     See the note in ?`:::` about the use of this operator.
Flavors: r-devel-linux-x86_64-fedora-clang, r-devel-linux-x86_64-fedora-gcc, r-patched-solaris-x86, r-release-osx-x86_64, r-oldrel-osx-x86_64