CRAN Package Check Results for Package jmv

Last updated on 2020-06-02 22:48:51 CEST.

Flavor Version Tinstall Tcheck Ttotal Status Flags
r-devel-linux-x86_64-debian-clang 1.2.5 78.57 100.92 179.49 OK
r-devel-linux-x86_64-debian-gcc 1.2.5 74.38 79.64 154.02 OK
r-devel-linux-x86_64-fedora-clang 1.2.5 246.83 NOTE
r-devel-linux-x86_64-fedora-gcc 1.2.5 245.68 NOTE
r-devel-windows-ix86+x86_64 1.2.5 143.00 154.00 297.00 OK
r-patched-linux-x86_64 1.2.5 68.12 101.16 169.28 OK
r-patched-solaris-x86 1.2.5 310.50 NOTE
r-release-linux-x86_64 1.2.5 72.33 100.33 172.66 OK
r-release-osx-x86_64 1.2.5 NOTE
r-release-windows-ix86+x86_64 1.2.5 105.00 113.00 218.00 OK
r-oldrel-osx-x86_64 1.2.5 NOTE
r-oldrel-windows-ix86+x86_64 1.2.5 104.00 117.00 221.00 OK

Check Details

Version: 1.2.5
Check: dependencies in R code
Result: NOTE
    Namespaces in Imports field not imported from:
     ‘BayesFactor’ ‘GGally’ ‘GPArotation’ ‘MASS’ ‘PMCMR’ ‘R6’ ‘ROCR’
     ‘afex’ ‘car’ ‘emmeans’ ‘ggridges’ ‘lavaan’ ‘multcomp’ ‘mvnormtest’
     ‘nnet’ ‘psych’ ‘vcd’ ‘vcdExtra’
     All declared Imports should be used.
Flavors: r-devel-linux-x86_64-fedora-clang, r-devel-linux-x86_64-fedora-gcc, r-patched-solaris-x86, r-release-osx-x86_64, r-oldrel-osx-x86_64