CRAN Package Check Results for Package jmv

Last updated on 2019-07-21 22:49:57 CEST.

Flavor Version Tinstall Tcheck Ttotal Status Flags
r-devel-linux-x86_64-debian-clang 0.9.6.1 69.39 90.29 159.68 NOTE
r-devel-linux-x86_64-debian-gcc 0.9.6.1 61.37 70.28 131.65 NOTE
r-devel-linux-x86_64-fedora-clang 0.9.6.1 205.91 NOTE
r-devel-linux-x86_64-fedora-gcc 0.9.6.1 215.76 NOTE
r-devel-windows-ix86+x86_64 0.9.6.1 93.00 154.00 247.00 NOTE
r-patched-linux-x86_64 0.9.6.1 77.54 88.13 165.67 NOTE
r-patched-solaris-x86 0.9.6.1 261.40 NOTE
r-release-linux-x86_64 0.9.6.1 68.24 89.04 157.28 NOTE
r-release-windows-ix86+x86_64 0.9.6.1 77.00 98.00 175.00 NOTE
r-release-osx-x86_64 0.9.6.1 NOTE
r-oldrel-windows-ix86+x86_64 0.9.6.1 113.00 136.00 249.00 NOTE
r-oldrel-osx-x86_64 0.9.6.1 NOTE

Check Details

Version: 0.9.6.1
Check: dependencies in R code
Result: NOTE
    ':::' calls which should be '::':
     'jmvcore:::decomposeFormula' 'jmvcore:::enquo'
     'jmvcore:::marshalData' 'jmvcore:::marshalFormula'
     'jmvcore:::resolveQuo'
     See the note in ?`:::` about the use of this operator.
Flavors: r-devel-linux-x86_64-debian-clang, r-devel-linux-x86_64-debian-gcc, r-devel-windows-ix86+x86_64, r-patched-linux-x86_64, r-release-linux-x86_64, r-release-windows-ix86+x86_64, r-oldrel-windows-ix86+x86_64

Version: 0.9.6.1
Check: dependencies in R code
Result: NOTE
    Namespaces in Imports field not imported from:
     ‘BayesFactor’ ‘GGally’ ‘GPArotation’ ‘MASS’ ‘PMCMR’ ‘R6’ ‘ROCR’
     ‘afex’ ‘car’ ‘emmeans’ ‘ggridges’ ‘lavaan’ ‘multcomp’ ‘mvnormtest’
     ‘nnet’ ‘psych’ ‘vcd’ ‘vcdExtra’
     All declared Imports should be used.
    ':::' calls which should be '::':
     ‘jmvcore:::decomposeFormula’ ‘jmvcore:::enquo’
     ‘jmvcore:::marshalData’ ‘jmvcore:::marshalFormula’
     ‘jmvcore:::resolveQuo’
     See the note in ?`:::` about the use of this operator.
Flavors: r-devel-linux-x86_64-fedora-clang, r-devel-linux-x86_64-fedora-gcc, r-patched-solaris-x86, r-release-osx-x86_64, r-oldrel-osx-x86_64