CRAN Package Check Results for Package jointDiag

Last updated on 2019-10-16 22:56:01 CEST.

Flavor Version Tinstall Tcheck Ttotal Status Flags
r-devel-linux-x86_64-debian-clang 0.3 3.79 18.84 22.63 NOTE
r-devel-linux-x86_64-debian-gcc 0.3 2.62 15.23 17.85 NOTE
r-devel-linux-x86_64-fedora-clang 0.3 28.60 NOTE
r-devel-linux-x86_64-fedora-gcc 0.3 27.06 NOTE
r-devel-windows-ix86+x86_64 0.3 21.00 35.00 56.00 NOTE
r-patched-linux-x86_64 0.3 2.74 18.23 20.97 OK
r-patched-solaris-x86 0.3 40.50 OK
r-release-linux-x86_64 0.3 3.00 18.45 21.45 OK
r-release-windows-ix86+x86_64 0.3 12.00 55.00 67.00 OK
r-release-osx-x86_64 0.3 OK
r-oldrel-windows-ix86+x86_64 0.3 8.00 32.00 40.00 OK
r-oldrel-osx-x86_64 0.3 OK

Check Details

Version: 0.3
Check: use of PKG_*FLAGS in Makefiles
Result: NOTE
     PKG_CXXFLAGS set in 'src/Makevars' without any corresponding files
     PKG_CXXFLAGS set in 'src/Makevars.win' without any corresponding files
Flavors: r-devel-linux-x86_64-debian-clang, r-devel-linux-x86_64-debian-gcc, r-devel-linux-x86_64-fedora-clang, r-devel-linux-x86_64-fedora-gcc, r-devel-windows-ix86+x86_64