CRAN Package Check Results for Package jpeg

Last updated on 2020-07-11 22:50:07 CEST.

Flavor Version Tinstall Tcheck Ttotal Status Flags
r-devel-linux-x86_64-debian-clang 0.1-8.1 2.76 19.20 21.96 OK
r-devel-linux-x86_64-debian-gcc 0.1-8.1 2.06 15.51 17.57 OK
r-devel-linux-x86_64-fedora-gcc 0.1-8.1 26.47 NOTE
r-devel-windows-ix86+x86_64 0.1-8.1 16.00 40.00 56.00 OK
r-patched-linux-x86_64 0.1-8.1 2.48 19.30 21.78 OK
r-patched-solaris-x86 0.1-8.1 42.00 OK
r-release-linux-x86_64 0.1-8.1 2.25 19.21 21.46 OK
r-release-macos-x86_64 0.1-8.1 OK
r-release-windows-ix86+x86_64 0.1-8.1 15.00 40.00 55.00 OK
r-oldrel-macos-x86_64 0.1-8.1 OK
r-oldrel-windows-ix86+x86_64 0.1-8.1 12.00 46.00 58.00 OK

Additional issues

rchk

Check Details

Version: 0.1-8.1
Check: compiled code
Result: NOTE
    File ‘jpeg/libs/jpeg.so’:
     Found no calls to: ‘R_registerRoutines’, ‘R_useDynamicSymbols’
    
    It is good practice to register native routines and to disable symbol
    search.
    
    See ‘Writing portable packages’ in the ‘Writing R Extensions’ manual.
Flavor: r-devel-linux-x86_64-fedora-gcc