Last updated on 2023-10-01 23:03:48 CEST.
Flavor | Version | Tinstall | Tcheck | Ttotal | Status | Flags |
---|---|---|---|---|---|---|
r-devel-linux-x86_64-debian-clang | 2.1.0 | 11.97 | 218.07 | 230.04 | OK | |
r-devel-linux-x86_64-debian-gcc | 2.1.0 | 10.73 | 177.18 | 187.91 | OK | |
r-devel-linux-x86_64-fedora-clang | 2.1.0 | 290.02 | NOTE | |||
r-devel-linux-x86_64-fedora-gcc | 2.1.0 | 321.85 | NOTE | |||
r-devel-windows-x86_64 | 2.1.0 | 14.00 | 187.00 | 201.00 | OK | |
r-patched-linux-x86_64 | 2.1.0 | 8.06 | 219.47 | 227.53 | OK | |
r-release-linux-x86_64 | 2.1.0 | 12.22 | 222.47 | 234.69 | OK | |
r-release-macos-arm64 | 2.1.0 | 74.00 | OK | |||
r-release-macos-x86_64 | 2.1.0 | 136.00 | OK | |||
r-release-windows-x86_64 | 2.1.0 | 17.00 | 243.00 | 260.00 | OK | |
r-oldrel-macos-arm64 | 2.1.0 | 62.00 | NOTE | |||
r-oldrel-macos-x86_64 | 2.1.0 | 133.00 | NOTE | |||
r-oldrel-windows-x86_64 | 2.1.0 | 18.00 | 252.00 | 270.00 | OK |
Version: 2.1.0
Check: data for non-ASCII characters
Result: NOTE
Note: found 176 marked UTF-8 strings
Flavors: r-devel-linux-x86_64-fedora-clang, r-devel-linux-x86_64-fedora-gcc, r-oldrel-macos-arm64, r-oldrel-macos-x86_64