Last updated on 2024-04-22 23:09:54 CEST.
Flavor | Version | Tinstall | Tcheck | Ttotal | Status | Flags |
---|---|---|---|---|---|---|
r-devel-linux-x86_64-debian-clang | 0.6.0 | 7.00 | 42.56 | 49.56 | OK | |
r-devel-linux-x86_64-debian-gcc | 0.6.0 | 5.30 | 31.97 | 37.27 | OK | |
r-devel-linux-x86_64-fedora-clang | 0.6.0 | 60.25 | NOTE | |||
r-devel-linux-x86_64-fedora-gcc | 0.6.0 | 57.32 | OK | |||
r-prerel-macos-arm64 | 0.6.0 | 22.00 | OK | |||
r-prerel-windows-x86_64 | 0.6.0 | 7.00 | 55.00 | 62.00 | OK | |
r-patched-linux-x86_64 | 0.6.0 | 6.04 | 42.04 | 48.08 | OK | |
r-release-linux-x86_64 | 0.6.0 | 6.72 | 39.85 | 46.57 | OK | |
r-release-macos-arm64 | 0.6.0 | 26.00 | OK | |||
r-release-macos-x86_64 | 0.6.0 | 49.00 | OK | |||
r-release-windows-x86_64 | 0.6.0 | 8.00 | 61.00 | 69.00 | OK | |
r-oldrel-macos-arm64 | 0.6.0 | 26.00 | OK | |||
r-oldrel-windows-x86_64 | 0.6.0 | 8.00 | 60.00 | 68.00 | OK |
Version: 0.6.0
Check: Rd cross-references
Result: NOTE
Undeclared package ‘later’ in Rd xrefs
Flavor: r-devel-linux-x86_64-fedora-clang