Last updated on 2021-04-16 22:51:01 CEST.
Flavor | Version | Tinstall | Tcheck | Ttotal | Status | Flags |
---|---|---|---|---|---|---|
r-devel-linux-x86_64-debian-clang | 1.2.1 | 82.78 | 33.76 | 116.54 | OK | |
r-devel-linux-x86_64-debian-gcc | 1.2.1 | 52.82 | 26.87 | 79.69 | OK | |
r-devel-linux-x86_64-fedora-clang | 1.2.1 | 169.88 | NOTE | |||
r-devel-linux-x86_64-fedora-gcc | 1.2.1 | 144.31 | OK | |||
r-devel-windows-ix86+x86_64 | 1.2.1 | 178.00 | 85.00 | 263.00 | OK | |
r-devel-windows-x86_64-gcc10-UCRT | 1.2.1 | OK | ||||
r-patched-linux-x86_64 | 1.2.1 | 64.56 | 32.63 | 97.19 | OK | |
r-patched-solaris-x86 | 1.2.1 | 135.50 | OK | |||
r-release-linux-x86_64 | 1.2.1 | 67.85 | 32.73 | 100.58 | OK | |
r-release-macos-x86_64 | 1.2.1 | NOTE | ||||
r-release-windows-ix86+x86_64 | 1.2.1 | 153.00 | 82.00 | 235.00 | OK | |
r-oldrel-macos-x86_64 | 1.2.1 | NOTE | ||||
r-oldrel-windows-ix86+x86_64 | 1.2.1 | 119.00 | 78.00 | 197.00 | OK |
Version: 1.2.1
Check: installed package size
Result: NOTE
installed size is 7.2Mb
sub-directories of 1Mb or more:
doc 1.2Mb
libs 5.8Mb
Flavors: r-devel-linux-x86_64-fedora-clang, r-release-macos-x86_64, r-oldrel-macos-x86_64