CRAN Package Check Results for Package jsonlite

Last updated on 2019-10-16 22:56:01 CEST.

Flavor Version Tinstall Tcheck Ttotal Status Flags
r-devel-linux-x86_64-debian-clang 1.6 7.95 42.11 50.06 OK
r-devel-linux-x86_64-debian-gcc 1.6 5.86 33.77 39.63 OK
r-devel-linux-x86_64-fedora-clang 1.6 64.62 OK
r-devel-linux-x86_64-fedora-gcc 1.6 61.92 OK
r-devel-windows-ix86+x86_64 1.6 62.00 72.00 134.00 OK
r-patched-linux-x86_64 1.6 6.34 41.41 47.75 OK
r-patched-solaris-x86 1.6 85.30 WARN
r-release-linux-x86_64 1.6 6.38 42.24 48.62 OK
r-release-windows-ix86+x86_64 1.6 41.00 101.00 142.00 OK
r-release-osx-x86_64 1.6 OK
r-oldrel-windows-ix86+x86_64 1.6 117.00 64.00 181.00 OK
r-oldrel-osx-x86_64 1.6 OK

Additional issues

LTO

Check Details

Version: 1.6
Check: for unstated dependencies in ‘tests’
Result: WARN
    Warning in deparse(e[[2L]]) :
     it is not known that wchar_t is Unicode on this platform
    Warning in deparse(e[[2L]]) :
     it is not known that wchar_t is Unicode on this platform
    Warning in deparse(e[[2L]]) :
     it is not known that wchar_t is Unicode on this platform
    Warning in deparse(e[[2L]]) :
     it is not known that wchar_t is Unicode on this platform
    Warning in deparse(e[[2L]]) :
     it is not known that wchar_t is Unicode on this platform
    Warning in deparse(e[[2L]]) :
     it is not known that wchar_t is Unicode on this platform
    Warning in deparse(e[[2L]]) :
     it is not known that wchar_t is Unicode on this platform
    Warning in deparse(e[[2L]]) :
     it is not known that wchar_t is Unicode on this platform
    Warning in deparse(e[[2L]]) :
     it is not known that wchar_t is Unicode on this platform
    Warning in deparse(e[[2L]]) :
     it is not known that wchar_t is Unicode on this platform
Flavor: r-patched-solaris-x86