CRAN Package Check Results for Package jsonlite

Last updated on 2019-07-16 07:50:50 CEST.

Flavor Version Tinstall Tcheck Ttotal Status Flags
r-devel-linux-x86_64-debian-clang 1.6 8.03 42.46 50.49 OK
r-devel-linux-x86_64-debian-gcc 1.6 5.20 34.51 39.71 OK
r-devel-linux-x86_64-fedora-clang 1.6 62.60 OK
r-devel-linux-x86_64-fedora-gcc 1.6 60.41 OK
r-devel-windows-ix86+x86_64 1.6 54.00 68.00 122.00 OK
r-patched-linux-x86_64 1.6 5.89 43.01 48.90 OK
r-patched-solaris-x86 1.6 90.00 WARN
r-release-linux-x86_64 1.6 6.82 42.88 49.70 OK
r-release-windows-ix86+x86_64 1.6 37.00 101.00 138.00 OK
r-release-osx-x86_64 1.6 OK
r-oldrel-windows-ix86+x86_64 1.6 60.00 63.00 123.00 OK
r-oldrel-osx-x86_64 1.6 OK

Additional issues

LTO

Check Details

Version: 1.6
Check: for unstated dependencies in ‘tests’
Result: WARN
    Warning in deparse(e[[2L]]) :
     it is not known that wchar_t is Unicode on this platform
    Warning in deparse(e[[2L]]) :
     it is not known that wchar_t is Unicode on this platform
    Warning in deparse(e[[2L]]) :
     it is not known that wchar_t is Unicode on this platform
    Warning in deparse(e[[2L]]) :
     it is not known that wchar_t is Unicode on this platform
    Warning in deparse(e[[2L]]) :
     it is not known that wchar_t is Unicode on this platform
    Warning in deparse(e[[2L]]) :
     it is not known that wchar_t is Unicode on this platform
    Warning in deparse(e[[2L]]) :
     it is not known that wchar_t is Unicode on this platform
    Warning in deparse(e[[2L]]) :
     it is not known that wchar_t is Unicode on this platform
    Warning in deparse(e[[2L]]) :
     it is not known that wchar_t is Unicode on this platform
    Warning in deparse(e[[2L]]) :
     it is not known that wchar_t is Unicode on this platform
Flavor: r-patched-solaris-x86