Last updated on 2023-04-01 22:53:45 CEST.
Flavor | Version | Tinstall | Tcheck | Ttotal | Status | Flags |
---|---|---|---|---|---|---|
r-devel-linux-x86_64-debian-clang | 0.3.3 | 8.56 | 96.35 | 104.91 | NOTE | |
r-devel-linux-x86_64-debian-gcc | 0.3.3 | 6.40 | 71.22 | 77.62 | NOTE | |
r-devel-linux-x86_64-fedora-clang | 0.3.3 | 132.52 | NOTE | |||
r-devel-linux-x86_64-fedora-gcc | 0.3.3 | 131.45 | NOTE | |||
r-devel-windows-x86_64 | 0.3.3 | 16.00 | 182.00 | 198.00 | NOTE | |
r-patched-linux-x86_64 | 0.3.3 | 8.88 | 88.60 | 97.48 | NOTE | |
r-release-linux-x86_64 | 0.3.3 | 8.27 | 91.48 | 99.75 | NOTE | |
r-release-macos-arm64 | 0.3.3 | 42.00 | NOTE | |||
r-release-macos-x86_64 | 0.3.3 | 88.00 | NOTE | |||
r-release-windows-x86_64 | 0.3.3 | 26.00 | 193.00 | 219.00 | NOTE | |
r-oldrel-macos-arm64 | 0.3.3 | 56.00 | NOTE | |||
r-oldrel-macos-x86_64 | 0.3.3 | 80.00 | NOTE | |||
r-oldrel-windows-ix86+x86_64 | 0.3.3 | 18.00 | 143.00 | 161.00 | NOTE |
Version: 0.3.3
Check: LazyData
Result: NOTE
'LazyData' is specified without a 'data' directory
Flavors: r-devel-linux-x86_64-debian-clang, r-devel-linux-x86_64-debian-gcc, r-devel-linux-x86_64-fedora-clang, r-devel-linux-x86_64-fedora-gcc, r-devel-windows-x86_64, r-patched-linux-x86_64, r-release-linux-x86_64, r-release-macos-arm64, r-release-macos-x86_64, r-release-windows-x86_64, r-oldrel-macos-arm64, r-oldrel-macos-x86_64, r-oldrel-windows-ix86+x86_64