Last updated on 2024-04-24 23:00:24 CEST.
Flavor | Version | Tinstall | Tcheck | Ttotal | Status | Flags |
---|---|---|---|---|---|---|
r-devel-linux-x86_64-debian-clang | 0.1 | 10.86 | 82.22 | 93.08 | NOTE | |
r-devel-linux-x86_64-debian-gcc | 0.1 | 7.94 | 61.07 | 69.01 | NOTE | |
r-devel-linux-x86_64-fedora-clang | 0.1 | 117.98 | NOTE | |||
r-devel-linux-x86_64-fedora-gcc | 0.1 | 123.06 | NOTE | |||
r-devel-windows-x86_64 | 0.1 | 9.00 | 66.00 | 75.00 | NOTE | |
r-patched-linux-x86_64 | 0.1 | 11.77 | 82.67 | 94.44 | NOTE | |
r-release-linux-x86_64 | 0.1 | 7.84 | 71.36 | 79.20 | NOTE | |
r-release-macos-arm64 | 0.1 | 38.00 | NOTE | |||
r-release-windows-x86_64 | 0.1 | 8.00 | 66.00 | 74.00 | NOTE | |
r-oldrel-macos-arm64 | 0.1 | 64.00 | OK | |||
r-oldrel-macos-x86_64 | 0.1 | 65.00 | NOTE | |||
r-oldrel-windows-x86_64 | 0.1 | 10.00 | 70.00 | 80.00 | NOTE |
Version: 0.1
Check: package subdirectories
Result: NOTE
Problems with news in ‘NEWS.md’:
Cannot extract version info from the following section titles:
pre-release juicr (2017 - 2021)
Flavors: r-devel-linux-x86_64-debian-clang, r-devel-linux-x86_64-debian-gcc, r-devel-linux-x86_64-fedora-clang, r-devel-linux-x86_64-fedora-gcc, r-devel-windows-x86_64, r-patched-linux-x86_64, r-release-linux-x86_64, r-release-macos-arm64, r-release-windows-x86_64, r-oldrel-macos-x86_64, r-oldrel-windows-x86_64