Last updated on 2024-04-23 22:55:25 CEST.
Flavor | Version | Tinstall | Tcheck | Ttotal | Status | Flags |
---|---|---|---|---|---|---|
r-devel-linux-x86_64-debian-clang | 0.2.6 | 7.30 | 88.02 | 95.32 | OK | |
r-devel-linux-x86_64-debian-gcc | 0.2.6 | 4.74 | 65.02 | 69.76 | OK | |
r-devel-linux-x86_64-fedora-clang | 0.2.6 | 118.55 | NOTE | |||
r-devel-linux-x86_64-fedora-gcc | 0.2.6 | 124.87 | OK | |||
r-prerel-macos-arm64 | 0.2.6 | 44.00 | OK | |||
r-prerel-windows-x86_64 | 0.2.6 | 9.00 | 85.00 | 94.00 | OK | |
r-patched-linux-x86_64 | 0.2.6 | 5.50 | 87.60 | 93.10 | OK | |
r-release-linux-x86_64 | 0.2.6 | 3.75 | 84.50 | 88.25 | OK | |
r-release-macos-arm64 | 0.2.6 | 44.00 | OK | |||
r-release-macos-x86_64 | 0.2.6 | 82.00 | OK | |||
r-release-windows-x86_64 | 0.2.6 | 10.00 | 98.00 | 108.00 | OK | |
r-oldrel-macos-arm64 | 0.2.6 | 37.00 | OK | |||
r-oldrel-windows-x86_64 | 0.2.6 | 8.00 | 100.00 | 108.00 | OK |
Version: 0.2.6
Check: Rd cross-references
Result: NOTE
Undeclared package ‘ggplot2’ in Rd xrefs
Flavor: r-devel-linux-x86_64-fedora-clang