Last updated on 2023-03-23 22:52:35 CET.
Flavor | Version | Tinstall | Tcheck | Ttotal | Status | Flags |
---|---|---|---|---|---|---|
r-devel-linux-x86_64-debian-clang | 0.2.6 | 7.28 | 113.09 | 120.37 | OK | |
r-devel-linux-x86_64-debian-gcc | 0.2.6 | 4.96 | 85.75 | 90.71 | OK | |
r-devel-linux-x86_64-fedora-clang | 0.2.6 | 151.08 | NOTE | |||
r-devel-linux-x86_64-fedora-gcc | 0.2.6 | 148.13 | OK | |||
r-patched-linux-x86_64 | 0.2.6 | 6.04 | 110.43 | 116.47 | OK | |
r-release-linux-x86_64 | 0.2.6 | 3.90 | 94.72 | 98.62 | OK | |
r-release-macos-arm64 | 0.2.6 | 37.00 | OK | |||
r-release-macos-x86_64 | 0.2.6 | 54.00 | OK | |||
r-release-windows-x86_64 | 0.2.6 | 11.00 | 159.00 | 170.00 | OK | |
r-oldrel-macos-arm64 | 0.2.6 | 43.00 | OK | |||
r-oldrel-macos-x86_64 | 0.2.6 | 60.00 | OK | |||
r-oldrel-windows-ix86+x86_64 | 0.2.6 | 13.00 | 161.00 | 174.00 | NOTE |
Version: 0.2.6
Check: Rd cross-references
Result: NOTE
Undeclared package ‘ggplot2’ in Rd xrefs
Flavor: r-devel-linux-x86_64-fedora-clang
Version: 0.2.6
Check: dependencies in R code
Result: NOTE
Initiating curl with CURL_SSL_BACKEND: openssl
Flavor: r-oldrel-windows-ix86+x86_64